06-02 16:38:45.023 D/StrictMode( 9365): at org.mozilla.fenix.components.AccountAbnormalities.<init>(AccountAbnormalities.kt:60)
06-02 16:38:45.023 D/StrictMode( 9365): at org.mozilla.fenix.components.BackgroundServices.<init>(BackgroundServices.kt:103)
06-02 16:38:45.023 D/StrictMode( 9365): at org.mozilla.fenix.components.Components$backgroundServices$2.invoke(Components.kt:34)
06-02 16:38:45.023 D/StrictMode( 9365): at org.mozilla.fenix.components.Components$backgroundServices$2.invoke(Components.kt:32)
06-02 16:38:45.023 D/StrictMode( 9365): at kotlin.SynchronizedLazyImpl.getValue(LazyJVM.kt:74)
06-02 16:38:45.023 D/StrictMode( 9365): at org.mozilla.fenix.components.Components.getBackgroundServices(Unknown Source:7)
06-02 16:38:45.023 D/StrictMode( 9365): at org.mozilla.fenix.home.HomeMenu$coreMenuItems$2.invoke(HomeMenu.kt:131)
06-02 16:38:45.023 D/StrictMode( 9365): at org.mozilla.fenix.home.HomeMenu$coreMenuItems$2.invoke(HomeMenu.kt:31)
06-02 16:38:45.023 D/StrictMode( 9365): at kotlin.SynchronizedLazyImpl.getValue(LazyJVM.kt:74)
06-02 16:38:45.023 D/StrictMode( 9365): at org.mozilla.fenix.home.HomeMenu.getCoreMenuItems(Unknown Source:7)
06-02 16:38:45.023 D/StrictMode( 9365): at org.mozilla.fenix.home.HomeMenu.<init>(HomeMenu.kt:170)
06-02 16:38:45.023 D/StrictMode( 9365): at org.mozilla.fenix.home.HomeFragment.createHomeMenu(HomeFragment.kt:668)
06-02 16:38:45.023 D/StrictMode( 9365): at org.mozilla.fenix.home.HomeFragment.onViewCreated(HomeFragment.kt:337)
06-02 16:38:45.023 D/StrictMode( 9365): at androidx.fragment.app.FragmentStateManager.createView(FragmentStateManager.java:332)
06-02 16:38:45.023 D/StrictMode( 9365): at androidx.fragment.app.FragmentManager.moveToState(FragmentManager.java:1187)
06-02 16:38:45.023 D/StrictMode( 9365): at androidx.fragment.app.FragmentManager.addAddedFragments(FragmentManager.java:2224)
06-02 16:38:45.023 D/StrictMode( 9365): at androidx.fragment.app.FragmentManager.executeOpsTogether(FragmentManager.java:1997)
06-02 16:38:45.023 D/StrictMode( 9365): at androidx.fragment.app.FragmentManager.removeRedundantOperationsAndExecute(FragmentManager.java:1953)
06-02 16:38:45.023 D/StrictMode( 9365): at androidx.fragment.app.FragmentManager.execPendingActions(FragmentManager.java:1849)
06-02 16:38:45.023 D/StrictMode( 9365): at androidx.fragment.app.FragmentManager.dispatchStateChange(FragmentManager.java:2629)
06-02 16:38:45.023 D/StrictMode( 9365): at androidx.fragment.app.FragmentManager.dispatchActivityCreated(FragmentManager.java:2577)
06-02 16:38:45.023 D/StrictMode( 9365): at androidx.fragment.app.Fragment.performActivityCreated(Fragment.java:2722)
06-02 16:38:45.023 D/StrictMode( 9365): at androidx.fragment.app.FragmentStateManager.activityCreated(FragmentStateManager.java:346)
06-02 16:38:45.023 D/StrictMode( 9365): at androidx.fragment.app.FragmentManager.moveToState(FragmentManager.java:1188)
06-02 16:38:45.023 D/StrictMode( 9365): at androidx.fragment.app.FragmentManager.moveToState(FragmentManager.java:1356)
06-02 16:38:45.023 D/StrictMode( 9365): at androidx.fragment.app.FragmentManager.moveFragmentToExpectedState(FragmentManager.java:1434)
06-02 16:38:45.023 D/StrictMode( 9365): at androidx.fragment.app.FragmentManager.moveToState(FragmentManager.java:1497)
06-02 16:38:45.023 D/StrictMode( 9365): at androidx.fragment.app.FragmentManager.dispatchStateChange(FragmentManager.java:2625)
06-02 16:38:45.023 D/StrictMode( 9365): at androidx.fragment.app.FragmentManager.dispatchActivityCreated(FragmentManager.java:2577)
06-02 16:38:45.023 D/StrictMode( 9365): at androidx.fragment.app.FragmentController.dispatchActivityCreated(FragmentController.java:247)
06-02 16:38:45.023 D/StrictMode( 9365): at androidx.fragment.app.FragmentActivity.onStart(FragmentActivity.java:541)
06-02 16:38:45.023 D/StrictMode( 9365): at androidx.appcompat.app.AppCompatActivity.onStart(AppCompatActivity.java:210)
06-02 16:38:45.023 D/StrictMode( 9365): at android.app.Instrumentation.callActivityOnStart(Instrumentation.java:1391)
06-02 16:38:45.023 D/StrictMode( 9365): at android.app.Activity.performStart(Activity.java:7157)
06-02 16:38:45.023 D/StrictMode( 9365): at android.app.ActivityThread.handleStartActivity(ActivityThread.java:2937)
06-02 16:38:45.023 D/StrictMode( 9365): at android.app.servertransaction.TransactionExecutor.performLifecycleSequence(TransactionExecutor.java:180)
06-02 16:38:45.023 D/StrictMode( 9365): at android.app.servertransaction.TransactionExecutor.cycleToPath(TransactionExecutor.java:165)
06-02 16:38:45.023 D/StrictMode( 9365): at android.app.servertransaction.TransactionExecutor.executeLifecycleState(TransactionExecutor.java:142)
06-02 16:38:45.023 D/StrictMode( 9365): at android.app.servertransaction.TransactionExecutor.execute(Transac
06-02 16:38:45.029 D/StrictMode( 9365): StrictMode policy violation; ~duration=48 ms: android.os.strictmode.DiskReadViolation
06-02 16:38:45.029 D/StrictMode( 9365): at android.os.StrictMode$AndroidBlockGuardPolicy.onReadFromDisk(StrictMode.java:1504)
06-02 16:38:45.029 D/StrictMode( 9365): at java.io.UnixFileSystem.checkAccess(UnixFileSystem.java:251)
06-02 16:38:45.029 D/StrictMode( 9365): at java.io.File.exists(File.java:815)
06-02 16:38:45.029 D/StrictMode( 9365): at android.app.ContextImpl.ensurePrivateDirExists(ContextImpl.java:605)
06-02 16:38:45.029 D/StrictMode( 9365): at android.app.ContextImpl.ensurePrivateDirExists(ContextImpl.java:596)
06-02 16:38:45.029 D/StrictMode( 9365): at android.app.ContextImpl.getPreferencesDir(ContextImpl.java:552)
06-02 16:38:45.029 D/StrictMode( 9365): at android.app.ContextImpl.getSharedPreferencesPath(ContextImpl.java:747)
06-02 16:38:45.029 D/StrictMode( 9365): at android.app.ContextImpl.getSharedPreferences(ContextImpl.java:400)
06-02 16:38:45.029 D/StrictMode( 9365): at android.content.ContextWrapper.getSharedPreferences(ContextWrapper.java:174)
06-02 16:38:45.029 D/StrictMode( 9365): at android.content.ContextWrapper.getSharedPreferences(ContextWrapper.java:174)
06-02 16:38:45.029 D/StrictMode( 9365): at android.preference.PreferenceManager.getDefaultSharedPreferences(PreferenceManager.java:526)
06-02 16:38:45.029 D/StrictMode( 9365): at org.mozilla.fenix.whatsnew.SharedPreferenceWhatsNewStorage.<init>(WhatsNewStorage.kt:35)
06-02 16:38:45.029 D/StrictMode( 9365): at org.mozilla.fenix.whatsnew.WhatsNew$Companion.shouldHighlightWhatsNew(WhatsNew.kt:71)
06-02 16:38:45.029 D/StrictMode( 9365): at org.mozilla.fenix.home.HomeMenu$coreMenuItems$2$whatsNewItem$1.invoke(HomeMenu.kt:92)
06-02 16:38:45.029 D/StrictMode( 9365): at org.mozilla.fenix.home.HomeMenu$coreMenuItems$2$whatsNewItem$1.invoke(HomeMenu.kt:31)
06-02 16:38:45.029 D/StrictMode( 9365): at mozilla.components.browser.menu.ext.BrowserMenuItemKt$getHighlight$3.invoke(BrowserMenuItem.kt:18)
06-02 16:38:45.029 D/StrictMode( 9365): at mozilla.components.browser.menu.ext.BrowserMenuItemKt$getHighlight$3.invoke(Unknown Source:2)
06-02 16:38:45.029 D/StrictMode( 9365): at kotlin.sequences.FilteringSequence$iterator$1.calcNext(Sequences.kt:133)
06-02 16:38:45.029 D/StrictMode( 9365): at kotlin.sequences.FilteringSequence$iterator$1.hasNext(Sequences.kt:156)
06-02 16:38:45.029 D/StrictMode( 9365): at kotlin.sequences.TransformingSequence$iterator$1.hasNext(Sequences.kt:176)
06-02 16:38:45.029 D/StrictMode( 9365): at kotlin.sequences.FilteringSequence$iterator$1.calcNext(Sequences.kt:131)
06-02 16:38:45.029 D/StrictMode( 9365): at kotlin.sequences.FilteringSequence$iterator$1.hasNext(Sequences.kt:156)
06-02 16:38:45.029 D/StrictMode( 9365): at mozilla.components.browser.menu.ext.BrowserMenuItemKt.getHighlight(BrowserMenuItem.kt:31)
06-02 16:38:45.029 D/StrictMode( 9365): at org.mozilla.fenix.home.HomeMenu$coreMenuItems$2.invoke(HomeMenu.kt:149)
06-02 16:38:45.029 D/StrictMode( 9365): at org.mozilla.fenix.home.HomeMenu$coreMenuItems$2.invoke(HomeMenu.kt:31)
06-02 16:38:45.029 D/StrictMode( 9365): at kotlin.SynchronizedLazyImpl.getValue(LazyJVM.kt:74)
06-02 16:38:45.029 D/StrictMode( 9365): at org.mozilla.fenix.home.HomeMenu.getCoreMenuItems(Unknown Source:7)
06-02 16:38:45.029 D/StrictMode( 9365): at org.mozilla.fenix.home.HomeMenu.<init>(HomeMenu.kt:170)
06-02 16:38:45.029 D/StrictMode( 9365): at org.mozilla.fenix.home.HomeFragment.createHomeMenu(HomeFragment.kt:668)
06-02 16:38:45.029 D/StrictMode( 9365): at org.mozilla.fenix.home.HomeFragment.onViewCreated(HomeFragment.kt:337)
06-02 16:38:45.029 D/StrictMode( 9365): at androidx.fragment.app.FragmentStateManager.createView(FragmentStateManager.java:332)
06-02 16:38:45.029 D/StrictMode( 9365): at androidx.fragment.app.FragmentManager.moveToState(FragmentManager.java:1187)
06-02 16:38:45.029 D/StrictMode( 9365): at androidx.fragment.app.FragmentManager.addAddedFragments(FragmentManager.java:2224)
06-02 16:38:45.029 D/StrictMode( 9365): at androidx.fragment.app.FragmentManager.executeOpsTogether(FragmentManager.java:1997)
06-02 16:38:45.029 D/StrictMode( 9365): at androidx.fragment.app.FragmentManager.removeRedundantOperationsAndExecute(FragmentManager.java:1953)
06-02 16:38:45.029 D/StrictMode( 9365): at androidx.fragment.app.FragmentManager.execPendingActions(FragmentManager.java:1849)
06-02 16:38:45.029 D/StrictMode( 9365): at androidx.fragment.app.FragmentManager.dispatchStateChange(FragmentManager.java:2629)
06-02 16:38:45.029 D/StrictMode( 9365): at androidx.fragment.app.FragmentManager.dispatchActivityCreated(FragmentManager.java:2577)
06-02 16:38:45.029 D/StrictMode( 9365): at androidx.fragment.app.Fragment.performActivityCreated(Fragment.java:2722)
06-02 16:38:45.029 D/StrictMode( 9365): at androidx.fragment.app.FragmentStateManager.activityCreated(FragmentStateManager.java:346)
06-02 16:38:45.029 D/StrictMode( 9365): at androidx.fragment.app.FragmentManager.moveToState(FragmentManager.java:1188)
06-02 16:38:45.029 D/StrictMode( 9365): at androidx.fragment.app.FragmentManager.moveToState(FragmentManager.java:1356)
06-02 16:38:45.029 D/StrictMode( 9365): at androidx.fragment.app.FragmentManager.moveFragmentToExpectedState(FragmentManager.java:1434)
06-02 16:38:45.029 D/StrictMode( 9365): at androidx.fragment.app.FragmentManager.moveToState(FragmentManager.java:1497)
06-02 16:38:45.029 D/StrictMode( 9365): at androidx.fragment.app.FragmentManager.dispatchStateChange(FragmentManager.java:2625)
06-02 16:38:45.029 D/StrictMode( 9365): at androidx.fragment.app.FragmentManager.dispatchActivityCreated(FragmentManager.java:2577)
06-02 16:38:45.029 D/StrictMode( 9365): at androidx.fragment.app.FragmentController.dispatchActivityCreated(FragmentController.java:247)
06-02 16:38:45.029 D/StrictMode( 9365): at androidx.fragment.app.FragmentActivity.onStart(FragmentActivity.java:541)
06-02 16:38:45.029 D/StrictMode( 9365): at androidx.appcompat.app.AppCompatAc
06-02 16:38:45.030 D/LeakCanary( 9365): LeakCanary is running and ready to detect leaks
06-02 16:38:45.055 I/libglean_ffi( 9365): glean_core::ping: Collecting baseline
06-02 16:38:45.066 D/libglean_ffi( 9365): glean_core::ping: Storing ping 'f2c83a47-027f-4c73-8ff2-9bc7dc060222' at '/data/user/0/org.mozilla.fenix.debug/glean_data/pending_pings/f2c83a47-027f-4c73-8ff2-9bc7dc060222'
06-02 16:38:45.066 I/libglean_ffi( 9365): glean_core: The ping 'baseline' was submitted and will be sent as soon as possible
06-02 16:38:45.068 D/GeckoNetworkManager( 9365): Incoming event enableNotifications for state OnNoListeners -> OnWithListeners
06-02 16:38:45.070 D/GeckoNetworkManager( 9365): New network state: UP, WIFI, WIFI
06-02 16:38:45.071 W/ActivityManager( 1869): Receiver with filter android.content.IntentFilter@d026f98 already registered for pid 9365, callerPackage is org.mozilla.fenix.debug
06-02 16:38:45.087 D/GeckoNetworkManager( 9365): Incoming event receivedUpdate for state OnWithListeners -> OnWithListeners
06-02 16:38:45.090 D/GeckoNetworkManager( 9365): New network state: UP, WIFI, WIFI
06-02 16:38:45.117 D/GeckoThread( 9365): State changed to PROFILE_READY
06-02 16:38:45.186 D/GeckoViewStartup( 9365): observe: profile-after-change
06-02 16:38:45.190 D/WIFI_UT ( 1869): got request NetworkRequest [ TRACK_DEFAULT id=35, [ Capabilities: INTERNET&NOT_RESTRICTED&TRUSTED Unwanted: Uid: 10099] ] with score 60
06-02 16:38:45.190 D/WIFI ( 1869): got request NetworkRequest [ TRACK_DEFAULT id=35, [ Capabilities: INTERNET&NOT_RESTRICTED&TRUSTED Unwanted: Uid: 10099] ] with score 60
06-02 16:38:45.190 D/PhoneSwitcherNetworkRequstListener( 2121): got request NetworkRequest [ TRACK_DEFAULT id=35, [ Capabilities: INTERNET&NOT_RESTRICTED&TRUSTED Unwanted: Uid: 10099] ] with score 60
06-02 16:38:45.195 D/GeckoViewTelemetryController( 9365): setup - canRecordPrereleaseData true, canRecordReleaseData true
06-02 16:38:45.244 D/GeckoThread( 9365): State changed to RUNNING
06-02 16:38:45.246 D/gralloc_ranchu( 1619): gralloc_alloc: Creating ashmem region of size 9334784
06-02 16:38:45.252 D/ ( 1728): HostConnection::get() New Host Connection established 0xe90ddf00, tid 1756
06-02 16:38:45.253 D/gralloc_ranchu( 1619): gralloc_alloc: Creating ashmem region of size 9334784
06-02 16:38:45.254 I/lla.fenix.debu( 9365): Background concurrent copying GC freed 21920(1766KB) AllocSpace objects, 40(1216KB) LOS objects, 49% free, 4MB/9MB, paused 1.515ms total 189.223ms
06-02 16:38:45.261 D/gralloc_ranchu( 1619): gralloc_alloc: Creating ashmem region of size 9334784
06-02 16:38:45.263 I/Gecko ( 9365): -*- nsDNSServiceDiscovery.js : nsDNSServiceDiscovery
06-02 16:38:45.275 D/GeckoThread( 9414): State changed to LAUNCHED
06-02 16:38:45.277 I/GeckoThread( 9414): preparing to run Gecko
06-02 16:38:45.278 W/ctxmgr ( 2473): [AclManager]No 2 for (accnt=account#-517948760#, com.google.android.gms(10008):IndoorOutdoorProducer, vrsn=13280000, 0, 3pPkg = null , 3pMdlId = null , pid = 2473). Was: 3 for 57, account#-517948760#
06-02 16:38:45.280 D/ ( 9365): HostConnection::get() New Host Connection established 0xe51aef80, tid 9452
06-02 16:38:45.283 I/ConfigStore( 9365): android::hardware::configstore::V1_0::ISurfaceFlingerConfigs::hasWideColorDisplay retrieved: 0
06-02 16:38:45.284 I/ConfigStore( 9365): android::hardware::configstore::V1_0::ISurfaceFlingerConfigs::hasHDRDisplay retrieved: 0
06-02 16:38:45.284 I/OpenGLRenderer( 9365): Initialized EGL, version 1.4
06-02 16:38:45.284 D/OpenGLRenderer( 9365): Swap behavior 1
06-02 16:38:45.284 W/OpenGLRenderer( 9365): Failed to choose config with EGL_SWAP_BEHAVIOR_PRESERVED, retrying without...
06-02 16:38:45.284 D/OpenGLRenderer( 9365): Swap behavior 0
06-02 16:38:45.285 D/EGL_emulation( 9365): eglCreateContext: 0xe51a88e0: maj 3 min 0 rcv 3
06-02 16:38:45.286 D/EGL_emulation( 9365): eglMakeCurrent: 0xe51a88e0: ver 3 0 (tinfo 0xe1995a60)
06-02 16:38:45.288 E/SurfaceFlinger( 1728): ro.sf.lcd_density must be defined as a build property
06-02 16:38:45.307 W/lla.fenix.debu( 9365): Accessing hidden field Landroid/os/Trace;->TRACE_TAG_APP:J (light greylist, reflection)
06-02 16:38:45.312 D/StrictMode( 9365): StrictMode policy violation: android.os.strictmode.NonSdkApiUsedViolation: Landroid/os/Trace;->TRACE_TAG_APP:J
06-02 16:38:45.312 D/StrictMode( 9365): at android.os.StrictMode.lambda$static$1(StrictMode.java:428)
06-02 16:38:45.312 D/StrictMode( 9365): at android.os.-$$Lambda$StrictMode$lu9ekkHJ2HMz0jd3F8K8MnhenxQ.accept(Unknown Source:2)
06-02 16:38:45.312 D/StrictMode( 9365): at java.lang.Class.getPublicFieldRecursive(Native Method)
06-02 16:38:45.312 D/StrictMode( 9365): at java.lang.Class.getField(Class.java:1599)
06-02 16:38:45.312 D/StrictMode( 9365): at androidx.core.os.TraceCompat.<clinit>(TraceCompat.java:48)
06-02 16:38:45.312 D/StrictMode( 9365): at androidx.core.os.TraceCompat.beginSection(TraceCompat.java:100)
06-02 16:38:45.312 D/StrictMode( 9365): at androidx.recyclerview.widget.RecyclerView.onLayout(RecyclerView.java:4403)
06-02 16:38:45.312 D/StrictMode( 9365): at android.view.View.layout(View.java:20672)
06-02 16:38:45.312 D/StrictMode( 9365): at android.view.ViewGroup.layout(ViewGroup.java:6194)
06-02 16:38:45.312 D/StrictMode( 9365): at com.google.android.material.appbar.HeaderScrollingViewBehavior.layoutChild(HeaderScrollingViewBehavior.java:148)
06-02 16:38:45.312 D/StrictMode( 9365): at com.google.android.material.appbar.ViewOffsetBehavior.onLayoutChild(ViewOffsetBehavior.java:43)
06-02 16:38:45.312 D/StrictMode( 9365): at com.google.android.material.appbar.AppBarLayout$ScrollingViewBehavior.onLayoutChild(AppBarLayout.java:1892)
06-02 16:38:45.312 D/StrictMode( 9365): at androidx.coordinatorlayout.widget.CoordinatorLayout.onLayout(CoordinatorLayout.java:918)
06-02 16:38:45.312 D/StrictMode( 9365): at android.view.View.layout(View.java:20672)
06-02 16:38:45.312 D/StrictMode( 9365): at android.view.ViewGroup.layout(ViewGroup.java:6194)
06-02 16:38:45.312 D/StrictMode( 9365): at android.widget.FrameLayout.layoutChildren(FrameLayout.java:323)
06-02 16:38:45.312 D/StrictMode( 9365): at android.widget.FrameLayout.onLayout(FrameLayout.java:261)
06-02 16:38:45.312 D/StrictMode( 9365): at android.view.View.layout(View.java:20672)
06-02 16:38:45.312 D/StrictMode( 9365): at android.view.ViewGroup.layout(ViewGroup.java:6194)
06-02 16:38:45.312 D/StrictMode( 9365): at android.widget.LinearLayout.setChildFrame(LinearLayout.java:1812)
06-02 16:38:45.312 D/StrictMode( 9365): at android.widget.LinearLayout.layoutVertical(LinearLayout.java:1656)
06-02 16:38:45.312 D/StrictMode( 9365): at android.widget.LinearLayout.onLayout(LinearLayout.java:1565)
06-02 16:38:45.312 D/StrictMode( 9365): at android.view.View.layout(View.java:20672)
06-02 16:38:45.312 D/StrictMode( 9365): at android.view.ViewGroup.layout(ViewGroup.java:6194)
06-02 16:38:45.312 D/StrictMode( 9365): at android.widget.FrameLayout.layoutChildren(FrameLayout.java:323)
06-02 16:38:45.312 D/StrictMode( 9365): at android.widget.FrameLayout.onLayout(FrameLayout.java:261)
06-02 16:38:45.312 D/StrictMode( 9365): at android.view.View.layout(View.java:20672)
06-02 16:38:45.312 D/StrictMode( 9365): at android.view.ViewGroup.layout(ViewGroup.java:6194)
06-02 16:38:45.312 D/StrictMode( 9365): at android.widget.LinearLayout.setChildFrame(LinearLayout.java:1812)
06-02 16:38:45.312 D/StrictMode( 9365): at android.widget.LinearLayout.layoutVertical(LinearLayout.java:1656)
06-02 16:38:45.312 D/StrictMode( 9365): at android.widget.LinearLayout.onLayout(LinearLayout.java:1565)
06-02 16:38:45.312 D/StrictMode( 9365): at android.view.View.layout(View.java:20672)
06-02 16:38:45.312 D/StrictMode( 9365): at android.view.ViewGroup.layout(ViewGroup.java:6194)
06-02 16:38:45.312 D/StrictMode( 9365): at android.widget.FrameLayout.layoutChildren(FrameLayout.java:323)
06-02 16:38:45.312 D/StrictMode( 9365): at android.widget.FrameLayout.onLayout(FrameLayout.java:261)
06-02 16:38:45.312 D/StrictMode( 9365): at android.view.View.layout(View.java:20672)
06-02 16:38:45.312 D/StrictMode( 9365): at android.view.ViewGroup.layout(ViewGroup.java:6194)
06-02 16:38:45.312 D/StrictMode( 9365): at android.widget.LinearLayout.setChildFrame(LinearLayout.java:1812)
06-02 16:38:45.312 D/StrictMode( 9365): at android.widget.LinearLayout.layoutVertical(LinearLayout.java:1656)
06-02 16:38:45.312 D/StrictMode( 9365): at android.widget.LinearLayout.onLayout(LinearLayout.java:1565)
06-02 16:38:45.312 D/StrictMode( 9365): at android.view.View.layout(View.java:20672)
06-02 16:38:45.312 D/StrictMode( 9365): at android.view.ViewGroup.layout(ViewGroup.java:6194)
06-02 16:38:45.312 D/StrictMode( 9365): at android.widget.FrameLayout.layoutChildren(FrameLayout.java:323)
06-02 16:38:45.312 D/StrictMode( 9365): at android.widget.FrameLayout.onLayout(FrameLayout.java:261)
06-02 16:38:45.312 D/StrictMode( 9365): at com.android.internal.policy.DecorView.onLayout(DecorView.java:753)
06-02 16:38:45.312 D/StrictMode( 9365): at android.view.View.layout(View.java:20672)
06-02 16:38:45.312 D/StrictMode( 9365): at android.view.ViewGroup.layout(ViewGroup.java:6194)
06-02 16:38:45.312 D/StrictMode( 9365): at android.view.ViewRootImpl.performLayout(ViewRootImpl.java:2792)
06-02 16:38:45.312 D/StrictMode( 9365): at android.view.ViewRootImpl.performTraversals(ViewRootImpl.java:2319)
06-02 16:38:45.312 D/StrictMode( 9365): at android.view.ViewRootImpl.doTraversal(ViewRootImpl.java:1460)
06-02 16:38:45.312 D/StrictMode( 9365): at android.view.ViewRootImpl$TraversalRunnable.run(ViewRootImpl.java:7183)
06-02 16:38:45.312 D/StrictMode( 9365): at android.view.Choreographer$CallbackRecord.run(Choreographer.java:949)
06-02 16:38:45.312 D/StrictMode( 9365): at android.view.Choreographer.doCallbacks(Choreographer.java:761)
06-02 16:38:45.312 D/StrictMode( 9365): at android.view.Choreographer.doFrame(Choreographer.java:696)
06-02 16:38:45.312 D/StrictMode( 9365): at android.view.Choreographer$FrameDisplayEventReceiver.run(Choreographer.java:935)
06-02 16:38:45.312 D/StrictMode( 9365): at android.os.Handler.handleCallback(Handler.java:873)
06-02 16:38:45.312 D/StrictMode( 9365): at android.os.Handler.dispatchMessage(Handler.java:99)
06-02 16:38:45.312 D/StrictMode( 9365): at android.os.Looper.loop(Looper.java:193)
06-02 16:38:45.312 D/StrictMode( 9365): at android.app.ActivityThread.main(ActivityThread.java:6669)
06-02 16:38:45.312 D/StrictMode( 9365): at java.lang.reflect.Method.invoke(Native Method)
06-02 16:38:45.312 D/StrictMode( 9365): at com.android.internal.os.RuntimeInit$MethodAndArgsCaller.run(RuntimeInit.java:493)
06-02 16:38:45.312 D/StrictMode( 9365): at com.and
06-02 16:38:45.312 W/lla.fenix.debu( 9365): Accessing hidden method Landroid/os/Trace;->isTagEnabled(J)Z (light greylist, reflection)
06-02 16:38:45.316 D/StrictMode( 9365): StrictMode policy violation: android.os.strictmode.NonSdkApiUsedViolation: Landroid/os/Trace;->isTagEnabled(J)Z
06-02 16:38:45.316 D/StrictMode( 9365): at android.os.StrictMode.lambda$static$1(StrictMode.java:428)
06-02 16:38:45.316 D/StrictMode( 9365): at android.os.-$$Lambda$StrictMode$lu9ekkHJ2HMz0jd3F8K8MnhenxQ.accept(Unknown Source:2)
06-02 16:38:45.316 D/StrictMode( 9365): at java.lang.Class.getDeclaredMethodInternal(Native Method)
06-02 16:38:45.316 D/StrictMode( 9365): at java.lang.Class.getPublicMethodRecursive(Class.java:2075)
06-02 16:38:45.316 D/StrictMode( 9365): at java.lang.Class.getMethod(Class.java:2063)
06-02 16:38:45.316 D/StrictMode( 9365): at java.lang.Class.getMethod(Class.java:1690)
06-02 16:38:45.316 D/StrictMode( 9365): at androidx.core.os.TraceCompat.<clinit>(TraceCompat.java:51)
06-02 16:38:45.316 D/StrictMode( 9365): at androidx.core.os.TraceCompat.beginSection(TraceCompat.java:100)
06-02 16:38:45.316 D/StrictMode( 9365): at androidx.recyclerview.widget.RecyclerView.onLayout(RecyclerView.java:4403)
06-02 16:38:45.316 D/StrictMode( 9365): at android.view.View.layout(View.java:20672)
06-02 16:38:45.316 D/StrictMode( 9365): at android.view.ViewGroup.layout(ViewGroup.java:6194)
06-02 16:38:45.316 D/StrictMode( 9365): at com.google.android.material.appbar.HeaderScrollingViewBehavior.layoutChild(HeaderScrollingViewBehavior.java:148)
06-02 16:38:45.316 D/StrictMode( 9365): at com.google.android.material.appbar.ViewOffsetBehavior.onLayoutChild(ViewOffsetBehavior.java:43)
06-02 16:38:45.316 D/StrictMode( 9365): at com.google.android.material.appbar.AppBarLayout$ScrollingViewBehavior.onLayoutChild(AppBarLayout.java:1892)
06-02 16:38:45.316 D/StrictMode( 9365): at androidx.coordinatorlayout.widget.CoordinatorLayout.onLayout(CoordinatorLayout.java:918)
06-02 16:38:45.316 D/StrictMode( 9365): at android.view.View.layout(View.java:20672)
06-02 16:38:45.316 D/StrictMode( 9365): at android.view.ViewGroup.layout(ViewGroup.java:6194)
06-02 16:38:45.316 D/StrictMode( 9365): at android.widget.FrameLayout.layoutChildren(FrameLayout.java:323)
06-02 16:38:45.316 D/StrictMode( 9365): at android.widget.FrameLayout.onLayout(FrameLayout.java:261)
06-02 16:38:45.316 D/StrictMode( 9365): at android.view.View.layout(View.java:20672)
06-02 16:38:45.316 D/StrictMode( 9365): at android.view.ViewGroup.layout(ViewGroup.java:6194)
06-02 16:38:45.316 D/StrictMode( 9365): at android.widget.LinearLayout.setChildFrame(LinearLayout.java:1812)
06-02 16:38:45.316 D/StrictMode( 9365): at android.widget.LinearLayout.layoutVertical(LinearLayout.java:1656)
06-02 16:38:45.316 D/StrictMode( 9365): at android.widget.LinearLayout.onLayout(LinearLayout.java:1565)
06-02 16:38:45.316 D/StrictMode( 9365): at android.view.View.layout(View.java:20672)
06-02 16:38:45.316 D/StrictMode( 9365): at android.view.ViewGroup.layout(ViewGroup.java:6194)
06-02 16:38:45.316 D/StrictMode( 9365): at android.widget.FrameLayout.layoutChildren(FrameLayout.java:323)
06-02 16:38:45.316 D/StrictMode( 9365): at android.widget.FrameLayout.onLayout(FrameLayout.java:261)
06-02 16:38:45.316 D/StrictMode( 9365): at android.view.View.layout(View.java:20672)
06-02 16:38:45.316 D/StrictMode( 9365): at android.view.ViewGroup.layout(ViewGroup.java:6194)
06-02 16:38:45.316 D/StrictMode( 9365): at android.widget.LinearLayout.setChildFrame(LinearLayout.java:1812)
06-02 16:38:45.316 D/StrictMode( 9365): at android.widget.LinearLayout.layoutVertical(LinearLayout.java:1656)
06-02 16:38:45.316 D/StrictMode( 9365): at android.widget.LinearLayout.onLayout(LinearLayout.java:1565)
06-02 16:38:45.316 D/StrictMode( 9365): at android.view.View.layout(View.java:20672)
06-02 16:38:45.316 D/StrictMode( 9365): at android.view.ViewGroup.layout(ViewGroup.java:6194)
06-02 16:38:45.316 D/StrictMode( 9365): at android.widget.FrameLayout.layoutChildren(FrameLayout.java:323)
06-02 16:38:45.316 D/StrictMode( 9365): at android.widget.FrameLayout.onLayout(FrameLayout.java:261)
06-02 16:38:45.316 D/StrictMode( 9365): at android.view.View.layout(View.java:20672)
06-02 16:38:45.316 D/StrictMode( 9365): at android.view.ViewGroup.layout(ViewGroup.java:6194)
06-02 16:38:45.316 D/StrictMode( 9365): at android.widget.LinearLayout.setChildFrame(LinearLayout.java:1812)
06-02 16:38:45.316 D/StrictMode( 9365): at android.widget.LinearLayout.layoutVertical(LinearLayout.java:1656)
06-02 16:38:45.316 D/StrictMode( 9365): at android.widget.LinearLayout.onLayout(LinearLayout.java:1565)
06-02 16:38:45.316 D/StrictMode( 9365): at android.view.View.layout(View.java:20672)
06-02 16:38:45.316 D/StrictMode( 9365): at android.view.ViewGroup.layout(ViewGroup.java:6194)
06-02 16:38:45.316 D/StrictMode( 9365): at android.widget.FrameLayout.layoutChildren(FrameLayout.java:323)
06-02 16:38:45.316 D/StrictMode( 9365): at android.widget.FrameLayout.onLayout(FrameLayout.java:261)
06-02 16:38:45.316 D/StrictMode( 9365): at com.android.internal.policy.DecorView.onLayout(DecorView.java:753)
06-02 16:38:45.316 D/StrictMode( 9365): at android.view.View.layout(View.java:20672)
06-02 16:38:45.316 D/StrictMode( 9365): at android.view.ViewGroup.layout(ViewGroup.java:6194)
06-02 16:38:45.316 D/StrictMode( 9365): at android.view.ViewRootImpl.performLayout(ViewRootImpl.java:2792)
06-02 16:38:45.316 D/StrictMode( 9365): at android.view.ViewRootImpl.performTraversals(ViewRootImpl.java:2319)
06-02 16:38:45.316 D/StrictMode( 9365): at android.view.ViewRootImpl.doTraversal(ViewRootImpl.java:1460)
06-02 16:38:45.316 D/StrictMode( 9365): at android.view.ViewRootImpl$TraversalRunnable.run(ViewRootImpl.java:7183)
06-02 16:38:45.316 D/StrictMode( 9365): at android.view.Choreographer$CallbackRecord.run(Choreographer.java:949)
06-02 16:38:45.316 D/StrictMode( 9365): at android.view.Choreographer.doCallbacks(Choreographer.java:761)
06-02 16:38:45.316 D/StrictMode( 9365): at android.view.Choreographer.doFrame(Choreographer.java:696)
06-02 16:38:45.316 D/StrictMode( 9365): at android.view.Choreographer$FrameDisplayEventReceiver.run(Choreographer.java:935)
06-02 16:38:45.316 D/StrictMode( 9365): at android.os.Handler.handleCallback(Handler.java:873)
06-02 16:38:45.316 D/StrictMode( 9365): at android.os.Handler.dispatchMessage(Handler.java:99)
06-02 16:38:45.316 D/StrictMode( 9365): at android.os.Looper.loop(Looper.java:193)
06-02 16:38:45.316 D/StrictMode( 9365): at android.app.ActivityThread.main(ActivityThread.java:6669)
06-02 16:38:45.316 D/StrictMode( 9365): at java.lang.reflect.Method.invoke
06-02 16:38:45.316 W/lla.fenix.debu( 9365): Accessing hidden method Landroid/os/Trace;->asyncTraceBegin(JLjava/lang/String;I)V (light greylist, reflection)
06-02 16:38:45.323 D/StrictMode( 9365): StrictMode policy violation: android.os.strictmode.NonSdkApiUsedViolation: Landroid/os/Trace;->asyncTraceBegin(JLjava/lang/String;I)V
06-02 16:38:45.323 D/StrictMode( 9365): at android.os.StrictMode.lambda$static$1(StrictMode.java:428)
06-02 16:38:45.323 D/StrictMode( 9365): at android.os.-$$Lambda$StrictMode$lu9ekkHJ2HMz0jd3F8K8MnhenxQ.accept(Unknown Source:2)
06-02 16:38:45.323 D/StrictMode( 9365): at java.lang.Class.getDeclaredMethodInternal(Native Method)
06-02 16:38:45.323 D/StrictMode( 9365): at java.lang.Class.getPublicMethodRecursive(Class.java:2075)
06-02 16:38:45.323 D/StrictMode( 9365): at java.lang.Class.getMethod(Class.java:2063)
06-02 16:38:45.323 D/StrictMode( 9365): at java.lang.Class.getMethod(Class.java:1690)
06-02 16:38:45.323 D/StrictMode( 9365): at androidx.core.os.TraceCompat.<clinit>(TraceCompat.java:52)
06-02 16:38:45.323 D/StrictMode( 9365): at androidx.core.os.TraceCompat.beginSection(TraceCompat.java:100)
06-02 16:38:45.323 D/StrictMode( 9365): at androidx.recyclerview.widget.RecyclerView.onLayout(RecyclerView.java:4403)
06-02 16:38:45.323 D/StrictMode( 9365): at android.view.View.layout(View.java:20672)
06-02 16:38:45.323 D/StrictMode( 9365): at android.view.ViewGroup.layout(ViewGroup.java:6194)
06-02 16:38:45.323 D/StrictMode( 9365): at com.google.android.material.appbar.HeaderScrollingViewBehavior.layoutChild(HeaderScrollingViewBehavior.java:148)
06-02 16:38:45.323 D/StrictMode( 9365): at com.google.android.material.appbar.ViewOffsetBehavior.onLayoutChild(ViewOffsetBehavior.java:43)
06-02 16:38:45.323 D/StrictMode( 9365): at com.google.android.material.appbar.AppBarLayout$ScrollingViewBehavior.onLayoutChild(AppBarLayout.java:1892)
06-02 16:38:45.323 D/StrictMode( 9365): at androidx.coordinatorlayout.widget.CoordinatorLayout.onLayout(CoordinatorLayout.java:918)
06-02 16:38:45.323 D/StrictMode( 9365): at android.view.View.layout(View.java:20672)
06-02 16:38:45.323 D/StrictMode( 9365): at android.view.ViewGroup.layout(ViewGroup.java:6194)
06-02 16:38:45.323 D/StrictMode( 9365): at android.widget.FrameLayout.layoutChildren(FrameLayout.java:323)
06-02 16:38:45.323 D/StrictMode( 9365): at android.widget.FrameLayout.onLayout(FrameLayout.java:261)
06-02 16:38:45.323 D/StrictMode( 9365): at android.view.View.layout(View.java:20672)
06-02 16:38:45.323 D/StrictMode( 9365): at android.view.ViewGroup.layout(ViewGroup.java:6194)
06-02 16:38:45.323 D/StrictMode( 9365): at android.widget.LinearLayout.setChildFrame(LinearLayout.java:1812)
06-02 16:38:45.323 D/StrictMode( 9365): at android.widget.LinearLayout.layoutVertical(LinearLayout.java:1656)
06-02 16:38:45.323 D/StrictMode( 9365): at android.widget.LinearLayout.onLayout(LinearLayout.java:1565)
06-02 16:38:45.323 D/StrictMode( 9365): at android.view.View.layout(View.java:20672)
06-02 16:38:45.323 D/StrictMode( 9365): at android.view.ViewGroup.layout(ViewGroup.java:6194)
06-02 16:38:45.323 D/StrictMode( 9365): at android.widget.FrameLayout.layoutChildren(FrameLayout.java:323)
06-02 16:38:45.323 D/StrictMode( 9365): at android.widget.FrameLayout.onLayout(FrameLayout.java:261)
06-02 16:38:45.323 D/StrictMode( 9365): at android.view.View.layout(View.java:20672)
06-02 16:38:45.323 D/StrictMode( 9365): at android.view.ViewGroup.layout(ViewGroup.java:6194)
06-02 16:38:45.323 D/StrictMode( 9365): at android.widget.LinearLayout.setChildFrame(LinearLayout.java:1812)
06-02 16:38:45.323 D/StrictMode( 9365): at android.widget.LinearLayout.layoutVertical(LinearLayout.java:1656)
06-02 16:38:45.323 D/StrictMode( 9365): at android.widget.LinearLayout.onLayout(LinearLayout.java:1565)
06-02 16:38:45.323 D/StrictMode( 9365): at android.view.View.layout(View.java:20672)
06-02 16:38:45.323 D/StrictMode( 9365): at android.view.ViewGroup.layout(ViewGroup.java:6194)
06-02 16:38:45.323 D/StrictMode( 9365): at android.widget.FrameLayout.layoutChildren(FrameLayout.java:323)
06-02 16:38:45.323 D/StrictMode( 9365): at android.widget.FrameLayout.onLayout(FrameLayout.java:261)
06-02 16:38:45.323 D/StrictMode( 9365): at android.view.View.layout(View.java:20672)
06-02 16:38:45.323 D/StrictMode( 9365): at android.view.ViewGroup.layout(ViewGroup.java:6194)
06-02 16:38:45.323 D/StrictMode( 9365): at android.widget.LinearLayout.setChildFrame(LinearLayout.java:1812)
06-02 16:38:45.323 D/StrictMode( 9365): at android.widget.LinearLayout.layoutVertical(LinearLayout.java:1656)
06-02 16:38:45.323 D/StrictMode( 9365): at android.widget.LinearLayout.onLayout(LinearLayout.java:1565)
06-02 16:38:45.323 D/StrictMode( 9365): at android.view.View.layout(View.java:20672)
06-02 16:38:45.323 D/StrictMode( 9365): at android.view.ViewGroup.layout(ViewGroup.java:6194)
06-02 16:38:45.323 D/StrictMode( 9365): at android.widget.FrameLayout.layoutChildren(FrameLayout.java:323)
06-02 16:38:45.323 D/StrictMode( 9365): at android.widget.FrameLayout.onLayout(FrameLayout.java:261)
06-02 16:38:45.323 D/StrictMode( 9365): at com.android.internal.policy.DecorView.onLayout(DecorView.java:753)
06-02 16:38:45.323 D/StrictMode( 9365): at android.view.View.layout(View.java:20672)
06-02 16:38:45.323 D/StrictMode( 9365): at android.view.ViewGroup.layout(ViewGroup.java:6194)
06-02 16:38:45.323 D/StrictMode( 9365): at android.view.ViewRootImpl.performLayout(ViewRootImpl.java:2792)
06-02 16:38:45.323 D/StrictMode( 9365): at android.view.ViewRootImpl.performTraversals(ViewRootImpl.java:2319)
06-02 16:38:45.323 D/StrictMode( 9365): at android.view.ViewRootImpl.doTraversal(ViewRootImpl.java:1460)
06-02 16:38:45.323 D/StrictMode( 9365): at android.view.ViewRootImpl$TraversalRunnable.run(ViewRootImpl.java:7183)
06-02 16:38:45.323 D/StrictMode( 9365): at android.view.Choreographer$CallbackRecord.run(Choreographer.java:949)
06-02 16:38:45.323 D/StrictMode( 9365): at android.view.Choreographer.doCallbacks(Choreographer.java:761)
06-02 16:38:45.323 D/StrictMode( 9365): at android.view.Choreographer.doFrame(Choreographer.java:696)
06-02 16:38:45.323 D/StrictMode( 9365): at android.view.Choreographer$FrameDisplayEventReceiver.run(Choreographer.java:935)
06-02 16:38:45.323 D/StrictMode( 9365): at android.os.Handler.handleCallback(Handler.java:873)
06-02 16:38:45.323 D/StrictMode( 9365): at android.os.Handler.dispatchMessage(Handler.java:99)
06-02 16:38:45.323 D/StrictMode( 9365): at android.os.Looper.loop(Looper.java:193)
06-02 16:38:45.323 D/StrictMode( 9365): at android.app.ActivityThread.main(ActivityThread.java:6669)
06-02 16:38:45.323 D/StrictMode( 9365): at java.lang
06-02 16:38:45.323 W/lla.fenix.debu( 9365): Accessing hidden method Landroid/os/Trace;->asyncTraceEnd(JLjava/lang/String;I)V (light greylist, reflection)
06-02 16:38:45.326 D/StrictMode( 9365): StrictMode policy violation: android.os.strictmode.NonSdkApiUsedViolation: Landroid/os/Trace;->asyncTraceEnd(JLjava/lang/String;I)V
06-02 16:38:45.326 D/StrictMode( 9365): at android.os.StrictMode.lambda$static$1(StrictMode.java:428)
06-02 16:38:45.326 D/StrictMode( 9365): at android.os.-$$Lambda$StrictMode$lu9ekkHJ2HMz0jd3F8K8MnhenxQ.accept(Unknown Source:2)
06-02 16:38:45.326 D/StrictMode( 9365): at java.lang.Class.getDeclaredMethodInternal(Native Method)
06-02 16:38:45.326 D/StrictMode( 9365): at java.lang.Class.getPublicMethodRecursive(Class.java:2075)
06-02 16:38:45.326 D/StrictMode( 9365): at java.lang.Class.getMethod(Class.java:2063)
06-02 16:38:45.326 D/StrictMode( 9365): at java.lang.Class.getMethod(Class.java:1690)
06-02 16:38:45.326 D/StrictMode( 9365): at androidx.core.os.TraceCompat.<clinit>(TraceCompat.java:54)
06-02 16:38:45.326 D/StrictMode( 9365): at androidx.core.os.TraceCompat.beginSection(TraceCompat.java:100)
06-02 16:38:45.326 D/StrictMode( 9365): at androidx.recyclerview.widget.RecyclerView.onLayout(RecyclerView.java:4403)
06-02 16:38:45.326 D/StrictMode( 9365): at android.view.View.layout(View.java:20672)
06-02 16:38:45.326 D/StrictMode( 9365): at android.view.ViewGroup.layout(ViewGroup.java:6194)
06-02 16:38:45.326 D/StrictMode( 9365): at com.google.android.material.appbar.HeaderScrollingViewBehavior.layoutChild(HeaderScrollingViewBehavior.java:148)
06-02 16:38:45.326 D/StrictMode( 9365): at com.google.android.material.appbar.ViewOffsetBehavior.onLayoutChild(ViewOffsetBehavior.java:43)
06-02 16:38:45.326 D/StrictMode( 9365): at com.google.android.material.appbar.AppBarLayout$ScrollingViewBehavior.onLayoutChild(AppBarLayout.java:1892)
06-02 16:38:45.326 D/StrictMode( 9365): at androidx.coordinatorlayout.widget.CoordinatorLayout.onLayout(CoordinatorLayout.java:918)
06-02 16:38:45.326 D/StrictMode( 9365): at android.view.View.layout(View.java:20672)
06-02 16:38:45.326 D/StrictMode( 9365): at android.view.ViewGroup.layout(ViewGroup.java:6194)
06-02 16:38:45.326 D/StrictMode( 9365): at android.widget.FrameLayout.layoutChildren(FrameLayout.java:323)
06-02 16:38:45.326 D/StrictMode( 9365): at android.widget.FrameLayout.onLayout(FrameLayout.java:261)
06-02 16:38:45.326 D/StrictMode( 9365): at android.view.View.layout(View.java:20672)
06-02 16:38:45.326 D/StrictMode( 9365): at android.view.ViewGroup.layout(ViewGroup.java:6194)
06-02 16:38:45.326 D/StrictMode( 9365): at android.widget.LinearLayout.setChildFrame(LinearLayout.java:1812)
06-02 16:38:45.326 D/StrictMode( 9365): at android.widget.LinearLayout.layoutVertical(LinearLayout.java:1656)
06-02 16:38:45.326 D/StrictMode( 9365): at android.widget.LinearLayout.onLayout(LinearLayout.java:1565)
06-02 16:38:45.326 D/StrictMode( 9365): at android.view.View.layout(View.java:20672)
06-02 16:38:45.326 D/StrictMode( 9365): at android.view.ViewGroup.layout(ViewGroup.java:6194)
06-02 16:38:45.326 D/StrictMode( 9365): at android.widget.FrameLayout.layoutChildren(FrameLayout.java:323)
06-02 16:38:45.326 D/StrictMode( 9365): at android.widget.FrameLayout.onLayout(FrameLayout.java:261)
06-02 16:38:45.326 D/StrictMode( 9365): at android.view.View.layout(View.java:20672)
06-02 16:38:45.326 D/StrictMode( 9365): at android.view.ViewGroup.layout(ViewGroup.java:6194)
06-02 16:38:45.326 D/StrictMode( 9365): at android.widget.LinearLayout.setChildFrame(LinearLayout.java:1812)
06-02 16:38:45.326 D/StrictMode( 9365): at android.widget.LinearLayout.layoutVertical(LinearLayout.java:1656)
06-02 16:38:45.326 D/StrictMode( 9365): at android.widget.LinearLayout.onLayout(LinearLayout.java:1565)
06-02 16:38:45.326 D/StrictMode( 9365): at android.view.View.layout(View.java:20672)
06-02 16:38:45.326 D/StrictMode( 9365): at android.view.ViewGroup.layout(ViewGroup.java:6194)
06-02 16:38:45.326 D/StrictMode( 9365): at android.widget.FrameLayout.layoutChildren(FrameLayout.java:323)
06-02 16:38:45.326 D/StrictMode( 9365): at android.widget.FrameLayout.onLayout(FrameLayout.java:261)
06-02 16:38:45.326 D/StrictMode( 9365): at android.view.View.layout(View.java:20672)
06-02 16:38:45.326 D/StrictMode( 9365): at android.view.ViewGroup.layout(ViewGroup.java:6194)
06-02 16:38:45.326 D/StrictMode( 9365): at android.widget.LinearLayout.setChildFrame(LinearLayout.java:1812)
06-02 16:38:45.326 D/StrictMode( 9365): at android.widget.LinearLayout.layoutVertical(LinearLayout.java:1656)
06-02 16:38:45.326 D/StrictMode( 9365): at android.widget.LinearLayout.onLayout(LinearLayout.java:1565)
06-02 16:38:45.326 D/StrictMode( 9365): at android.view.View.layout(View.java:20672)
06-02 16:38:45.326 D/StrictMode( 9365): at android.view.ViewGroup.layout(ViewGroup.java:6194)
06-02 16:38:45.326 D/StrictMode( 9365): at android.widget.FrameLayout.layoutChildren(FrameLayout.java:323)
06-02 16:38:45.326 D/StrictMode( 9365): at android.widget.FrameLayout.onLayout(FrameLayout.java:261)
06-02 16:38:45.326 D/StrictMode( 9365): at com.android.internal.policy.DecorView.onLayout(DecorView.java:753)
06-02 16:38:45.326 D/StrictMode( 9365): at android.view.View.layout(View.java:20672)
06-02 16:38:45.326 D/StrictMode( 9365): at android.view.ViewGroup.layout(ViewGroup.java:6194)
06-02 16:38:45.326 D/StrictMode( 9365): at android.view.ViewRootImpl.performLayout(ViewRootImpl.java:2792)
06-02 16:38:45.326 D/StrictMode( 9365): at android.view.ViewRootImpl.performTraversals(ViewRootImpl.java:2319)
06-02 16:38:45.326 D/StrictMode( 9365): at android.view.ViewRootImpl.doTraversal(ViewRootImpl.java:1460)
06-02 16:38:45.326 D/StrictMode( 9365): at android.view.ViewRootImpl$TraversalRunnable.run(ViewRootImpl.java:7183)
06-02 16:38:45.326 D/StrictMode( 9365): at android.view.Choreographer$CallbackRecord.run(Choreographer.java:949)
06-02 16:38:45.326 D/StrictMode( 9365): at android.view.Choreographer.doCallbacks(Choreographer.java:761)
06-02 16:38:45.326 D/StrictMode( 9365): at android.view.Choreographer.doFrame(Choreographer.java:696)
06-02 16:38:45.326 D/StrictMode( 9365): at android.view.Choreographer$FrameDisplayEventReceiver.run(Choreographer.java:935)
06-02 16:38:45.326 D/StrictMode( 9365): at android.os.Handler.handleCallback(Handler.java:873)
06-02 16:38:45.326 D/StrictMode( 9365): at android.os.Handler.dispatchMessage(Handler.java:99)
06-02 16:38:45.326 D/StrictMode( 9365): at android.os.Looper.loop(Looper.java:193)
06-02 16:38:45.326 D/StrictMode( 9365): at android.app.ActivityThread.main(ActivityThread.java:6669)
06-02 16:38:45.326 D/StrictMode( 9365): at java.lang.r
06-02 16:38:45.327 W/lla.fenix.debu( 9365): Accessing hidden method Landroid/os/Trace;->traceCounter(JLjava/lang/String;I)V (light greylist, reflection)
06-02 16:38:45.330 D/StrictMode( 9365): StrictMode policy violation: android.os.strictmode.NonSdkApiUsedViolation: Landroid/os/Trace;->traceCounter(JLjava/lang/String;I)V
06-02 16:38:45.330 D/StrictMode( 9365): at android.os.StrictMode.lambda$static$1(StrictMode.java:428)
06-02 16:38:45.330 D/StrictMode( 9365): at android.os.-$$Lambda$StrictMode$lu9ekkHJ2HMz0jd3F8K8MnhenxQ.accept(Unknown Source:2)
06-02 16:38:45.330 D/StrictMode( 9365): at java.lang.Class.getDeclaredMethodInternal(Native Method)
06-02 16:38:45.330 D/StrictMode( 9365): at java.lang.Class.getPublicMethodRecursive(Class.java:2075)
06-02 16:38:45.330 D/StrictMode( 9365): at java.lang.Class.getMethod(Class.java:2063)
06-02 16:38:45.330 D/StrictMode( 9365): at java.lang.Class.getMethod(Class.java:1690)
06-02 16:38:45.330 D/StrictMode( 9365): at androidx.core.os.TraceCompat.<clinit>(TraceCompat.java:56)
06-02 16:38:45.330 D/StrictMode( 9365): at androidx.core.os.TraceCompat.beginSection(TraceCompat.java:100)
06-02 16:38:45.330 D/StrictMode( 9365): at androidx.recyclerview.widget.RecyclerView.onLayout(RecyclerView.java:4403)
06-02 16:38:45.330 D/StrictMode( 9365): at android.view.View.layout(View.java:20672)
06-02 16:38:45.330 D/StrictMode( 9365): at android.view.ViewGroup.layout(ViewGroup.java:6194)
06-02 16:38:45.330 D/StrictMode( 9365): at com.google.android.material.appbar.HeaderScrollingViewBehavior.layoutChild(HeaderScrollingViewBehavior.java:148)
06-02 16:38:45.330 D/StrictMode( 9365): at com.google.android.material.appbar.ViewOffsetBehavior.onLayoutChild(ViewOffsetBehavior.java:43)
06-02 16:38:45.330 D/StrictMode( 9365): at com.google.android.material.appbar.AppBarLayout$ScrollingViewBehavior.onLayoutChild(AppBarLayout.java:1892)
06-02 16:38:45.330 D/StrictMode( 9365): at androidx.coordinatorlayout.widget.CoordinatorLayout.onLayout(CoordinatorLayout.java:918)
06-02 16:38:45.330 D/StrictMode( 9365): at android.view.View.layout(View.java:20672)
06-02 16:38:45.330 D/StrictMode( 9365): at android.view.ViewGroup.layout(ViewGroup.java:6194)
06-02 16:38:45.330 D/StrictMode( 9365): at android.widget.FrameLayout.layoutChildren(FrameLayout.java:323)
06-02 16:38:45.330 D/StrictMode( 9365): at android.widget.FrameLayout.onLayout(FrameLayout.java:261)
06-02 16:38:45.330 D/StrictMode( 9365): at android.view.View.layout(View.java:20672)
06-02 16:38:45.330 D/StrictMode( 9365): at android.view.ViewGroup.layout(ViewGroup.java:6194)
06-02 16:38:45.330 D/StrictMode( 9365): at android.widget.LinearLayout.setChildFrame(LinearLayout.java:1812)
06-02 16:38:45.330 D/StrictMode( 9365): at android.widget.LinearLayout.layoutVertical(LinearLayout.java:1656)
06-02 16:38:45.330 D/StrictMode( 9365): at android.widget.LinearLayout.onLayout(LinearLayout.java:1565)
06-02 16:38:45.330 D/StrictMode( 9365): at android.view.View.layout(View.java:20672)
06-02 16:38:45.330 D/StrictMode( 9365): at android.view.ViewGroup.layout(ViewGroup.java:6194)
06-02 16:38:45.330 D/StrictMode( 9365): at android.widget.FrameLayout.layoutChildren(FrameLayout.java:323)
06-02 16:38:45.330 D/StrictMode( 9365): at android.widget.FrameLayout.onLayout(FrameLayout.java:261)
06-02 16:38:45.330 D/StrictMode( 9365): at android.view.View.layout(View.java:20672)
06-02 16:38:45.330 D/StrictMode( 9365): at android.view.ViewGroup.layout(ViewGroup.java:6194)
06-02 16:38:45.330 D/StrictMode( 9365): at android.widget.LinearLayout.setChildFrame(LinearLayout.java:1812)
06-02 16:38:45.330 D/StrictMode( 9365): at android.widget.LinearLayout.layoutVertical(LinearLayout.java:1656)
06-02 16:38:45.330 D/StrictMode( 9365): at android.widget.LinearLayout.onLayout(LinearLayout.java:1565)
06-02 16:38:45.330 D/StrictMode( 9365): at android.view.View.layout(View.java:20672)
06-02 16:38:45.330 D/StrictMode( 9365): at android.view.ViewGroup.layout(ViewGroup.java:6194)
06-02 16:38:45.330 D/StrictMode( 9365): at android.widget.FrameLayout.layoutChildren(FrameLayout.java:323)
06-02 16:38:45.330 D/StrictMode( 9365): at android.widget.FrameLayout.onLayout(FrameLayout.java:261)
06-02 16:38:45.330 D/StrictMode( 9365): at android.view.View.layout(View.java:20672)
06-02 16:38:45.330 D/StrictMode( 9365): at android.view.ViewGroup.layout(ViewGroup.java:6194)
06-02 16:38:45.330 D/StrictMode( 9365): at android.widget.LinearLayout.setChildFrame(LinearLayout.java:1812)
06-02 16:38:45.330 D/StrictMode( 9365): at android.widget.LinearLayout.layoutVertical(LinearLayout.java:1656)
06-02 16:38:45.330 D/StrictMode( 9365): at android.widget.LinearLayout.onLayout(LinearLayout.java:1565)
06-02 16:38:45.330 D/StrictMode( 9365): at android.view.View.layout(View.java:20672)
06-02 16:38:45.330 D/StrictMode( 9365): at android.view.ViewGroup.layout(ViewGroup.java:6194)
06-02 16:38:45.330 D/StrictMode( 9365): at android.widget.FrameLayout.layoutChildren(FrameLayout.java:323)
06-02 16:38:45.330 D/StrictMode( 9365): at android.widget.FrameLayout.onLayout(FrameLayout.java:261)
06-02 16:38:45.330 D/StrictMode( 9365): at com.android.internal.policy.DecorView.onLayout(DecorView.java:753)
06-02 16:38:45.330 D/StrictMode( 9365): at android.view.View.layout(View.java:20672)
06-02 16:38:45.330 D/StrictMode( 9365): at android.view.ViewGroup.layout(ViewGroup.java:6194)
06-02 16:38:45.330 D/StrictMode( 9365): at android.view.ViewRootImpl.performLayout(ViewRootImpl.java:2792)
06-02 16:38:45.330 D/StrictMode( 9365): at android.view.ViewRootImpl.performTraversals(ViewRootImpl.java:2319)
06-02 16:38:45.330 D/StrictMode( 9365): at android.view.ViewRootImpl.doTraversal(ViewRootImpl.java:1460)
06-02 16:38:45.330 D/StrictMode( 9365): at android.view.ViewRootImpl$TraversalRunnable.run(ViewRootImpl.java:7183)
06-02 16:38:45.330 D/StrictMode( 9365): at android.view.Choreographer$CallbackRecord.run(Choreographer.java:949)
06-02 16:38:45.330 D/StrictMode( 9365): at android.view.Choreographer.doCallbacks(Choreographer.java:761)
06-02 16:38:45.330 D/StrictMode( 9365): at android.view.Choreographer.doFrame(Choreographer.java:696)
06-02 16:38:45.330 D/StrictMode( 9365): at android.view.Choreographer$FrameDisplayEventReceiver.run(Choreographer.java:935)
06-02 16:38:45.330 D/StrictMode( 9365): at android.os.Handler.handleCallback(Handler.java:873)
06-02 16:38:45.330 D/StrictMode( 9365): at android.os.Handler.dispatchMessage(Handler.java:99)
06-02 16:38:45.330 D/StrictMode( 9365): at android.os.Looper.loop(Looper.java:193)
06-02 16:38:45.330 D/StrictMode( 9365): at android.app.ActivityThread.main(ActivityThread.java:6669)
06-02 16:38:45.330 D/StrictMode( 9365): at java.lang.re
06-02 16:38:45.335 D/GeckoNetworkManager( 9365): Incoming event receivedUpdate for state OnWithListeners -> OnWithListeners
06-02 16:38:45.336 D/GeckoNetworkManager( 9365): New network state: UP, WIFI, WIFI
06-02 16:38:45.363 D/EGL_emulation( 9365): eglMakeCurrent: 0xe51a88e0: ver 3 0 (tinfo 0xe1995a60)
06-02 16:38:45.406 D/glean/PingUploadWorker( 9365): Processing persisted pings at /data/user/0/org.mozilla.fenix.debug/glean_data/pending_pings
06-02 16:38:45.406 D/glean/PingUploadWorker( 9365): Processing ping: f2c83a47-027f-4c73-8ff2-9bc7dc060222
06-02 16:38:45.413 I/ActivityManager( 1869): Displayed org.mozilla.fenix.debug/.App: +2s34ms
06-02 16:38:45.414 I/GoogleInputMethod( 1996): onFinishInput() : Dummy InputConnection bound
06-02 16:38:45.414 I/GoogleInputMethod( 1996): onStartInput() : Dummy InputConnection bound
06-02 16:38:45.418 D/glean/ConceptFetchHttpUploader( 9365): Submitting ping to: https://incoming.telemetry.mozilla.org/submit/org-mozilla-fenix-debug/baseline/1/f2c83a47-027f-4c73-8ff2-9bc7dc060222
06-02 16:38:45.426 E/adbd ( 4408): failed to connect to socket 'tcp:2829': Connection refused
06-02 16:38:45.443 D/GeckoViewStartup( 9365): onEvent GeckoView:SetLocale
06-02 16:38:45.444 D/GeckoViewStartup( 9365): onEvent GeckoView:ResetUserPrefs
06-02 16:38:45.459 D/GeckoViewRemoteDebugger( 9365): onInit
06-02 16:38:45.459 D/GeckoViewConsole( 9365): enabled = false
06-02 16:38:45.475 D/StrictMode( 9365): StrictMode policy violation; ~duration=23 ms: android.os.strictmode.DiskReadViolation
06-02 16:38:45.475 D/StrictMode( 9365): at android.os.StrictMode$AndroidBlockGuardPolicy.onReadFromDisk(StrictMode.java:1504)
06-02 16:38:45.475 D/StrictMode( 9365): at java.io.UnixFileSystem.checkAccess(UnixFileSystem.java:251)
06-02 16:38:45.475 D/StrictMode( 9365): at java.io.File.exists(File.java:815)
