06-02 16:38:06.368 D/StrictMode( 8940): at org.mozilla.fenix.home.HomeMenu.getCoreMenuItems(Unknown Source:7)
06-02 16:38:06.368 D/StrictMode( 8940): at org.mozilla.fenix.home.HomeMenu.<init>(HomeMenu.kt:170)
06-02 16:38:06.368 D/StrictMode( 8940): at org.mozilla.fenix.home.HomeFragment.createHomeMenu(HomeFragment.kt:668)
06-02 16:38:06.368 D/StrictMode( 8940): at org.mozilla.fenix.home.HomeFragment.onViewCreated(HomeFragment.kt:337)
06-02 16:38:06.368 D/StrictMode( 8940): at androidx.fragment.app.FragmentStateManager.createView(FragmentStateManager.java:332)
06-02 16:38:06.368 D/StrictMode( 8940): at androidx.fragment.app.FragmentManager.moveToState(FragmentManager.java:1187)
06-02 16:38:06.368 D/StrictMode( 8940): at androidx.fragment.app.FragmentManager.addAddedFragments(FragmentManager.java:2224)
06-02 16:38:06.368 D/StrictMode( 8940): at androidx.fragment.app.FragmentManager.executeOpsTogether(FragmentManager.java:1997)
06-02 16:38:06.368 D/StrictMode( 8940): at androidx.fragment.app.FragmentManager.removeRedundantOperationsAndExecute(FragmentManager.java:1953)
06-02 16:38:06.368 D/StrictMode( 8940): at androidx.fragment.app.FragmentManager.execPendingActions(FragmentManager.java:1849)
06-02 16:38:06.368 D/StrictMode( 8940): at androidx.fragment.app.FragmentManager.dispatchStateChange(FragmentManager.java:2629)
06-02 16:38:06.368 D/StrictMode( 8940): at androidx.fragment.app.FragmentManager.dispatchActivityCreated(FragmentManager.java:2577)
06-02 16:38:06.368 D/StrictMode( 8940): at androidx.fragment.app.Fragment.performActivityCreated(Fragment.java:2722)
06-02 16:38:06.368 D/StrictMode( 8940): at androidx.fragment.app.FragmentStateManager.activityCreated(FragmentStateManager.java:346)
06-02 16:38:06.368 D/StrictMode( 8940): at androidx.fragment.app.FragmentManager.moveToState(FragmentManager.java:1188)
06-02 16:38:06.368 D/StrictMode( 8940): at androidx.fragment.app.FragmentManager.moveToState(FragmentManager.java:1356)
06-02 16:38:06.368 D/StrictMode( 8940): at androidx.fragment.app.FragmentManager.moveFragmentToExpectedState(FragmentManager.java:1434)
06-02 16:38:06.368 D/StrictMode( 8940): at androidx.fragment.app.FragmentManager.moveToState(FragmentManager.java:1497)
06-02 16:38:06.368 D/StrictMode( 8940): at androidx.fragment.app.FragmentManager.dispatchStateChange(FragmentManager.java:2625)
06-02 16:38:06.368 D/StrictMode( 8940): at androidx.fragment.app.FragmentManager.dispatchActivityCreated(FragmentManager.java:2577)
06-02 16:38:06.368 D/StrictMode( 8940): at androidx.fragment.app.FragmentController.dispatchActivityCreated(FragmentController.java:247)
06-02 16:38:06.368 D/StrictMode( 8940): at androidx.fragment.app.FragmentActivity.onStart(FragmentActivity.java:541)
06-02 16:38:06.368 D/StrictMode( 8940): at androidx.appcompat.app.AppCompatActivity.onStart(AppCompatActivity.java:210)
06-02 16:38:06.368 D/StrictMode( 8940): at android.app.Instrumentation.callActivityOnStart(Instrumentation.java:1391)
06-02 16:38:06.368 D/StrictMode( 8940): at android.app.Activity.performStart(Activity.java:7157)
06-02 16:38:06.368 D/StrictMode( 8940): at android.app.ActivityThread.handleStartActivity(ActivityThread.java:2937)
06-02 16:38:06.368 D/StrictMode( 8940): at android.app.servertransaction.TransactionExecutor.performLifecycleSequence(TransactionExecutor.java:180)
06-02 16:38:06.368 D/StrictMode( 8940): at android.app.servertransaction.TransactionExecutor.cycleToPath(TransactionExecutor.java:165)
06-02 16:38:06.368 D/StrictMode( 8940): at android.app.servertransaction.TransactionExecutor.executeLifecycleState(TransactionExecutor.java:142)
06-02 16:38:06.368 D/StrictMode( 8940): at android.app.servertransaction.TransactionExecutor.execute(Transa
06-02 16:38:06.379 D/StrictMode( 8940): StrictMode policy violation; ~duration=96 ms: android.os.strictmode.DiskReadViolation
06-02 16:38:06.379 D/StrictMode( 8940): at android.os.StrictMode$AndroidBlockGuardPolicy.onReadFromDisk(StrictMode.java:1504)
06-02 16:38:06.379 D/StrictMode( 8940): at java.io.UnixFileSystem.checkAccess(UnixFileSystem.java:251)
06-02 16:38:06.379 D/StrictMode( 8940): at java.io.File.exists(File.java:815)
06-02 16:38:06.379 D/StrictMode( 8940): at android.app.ContextImpl.ensurePrivateDirExists(ContextImpl.java:605)
06-02 16:38:06.379 D/StrictMode( 8940): at android.app.ContextImpl.ensurePrivateDirExists(ContextImpl.java:596)
06-02 16:38:06.379 D/StrictMode( 8940): at android.app.ContextImpl.getPreferencesDir(ContextImpl.java:552)
06-02 16:38:06.379 D/StrictMode( 8940): at android.app.ContextImpl.getSharedPreferencesPath(ContextImpl.java:747)
06-02 16:38:06.379 D/StrictMode( 8940): at android.app.ContextImpl.getSharedPreferences(ContextImpl.java:400)
06-02 16:38:06.379 D/StrictMode( 8940): at android.content.ContextWrapper.getSharedPreferences(ContextWrapper.java:174)
06-02 16:38:06.379 D/StrictMode( 8940): at android.content.ContextWrapper.getSharedPreferences(ContextWrapper.java:174)
06-02 16:38:06.379 D/StrictMode( 8940): at android.preference.PreferenceManager.getDefaultSharedPreferences(PreferenceManager.java:526)
06-02 16:38:06.379 D/StrictMode( 8940): at org.mozilla.fenix.whatsnew.SharedPreferenceWhatsNewStorage.<init>(WhatsNewStorage.kt:35)
06-02 16:38:06.379 D/StrictMode( 8940): at org.mozilla.fenix.whatsnew.WhatsNew$Companion.shouldHighlightWhatsNew(WhatsNew.kt:71)
06-02 16:38:06.379 D/StrictMode( 8940): at org.mozilla.fenix.home.HomeMenu$coreMenuItems$2$whatsNewItem$1.invoke(HomeMenu.kt:92)
06-02 16:38:06.379 D/StrictMode( 8940): at org.mozilla.fenix.home.HomeMenu$coreMenuItems$2$whatsNewItem$1.invoke(HomeMenu.kt:31)
06-02 16:38:06.379 D/StrictMode( 8940): at mozilla.components.browser.menu.ext.BrowserMenuItemKt$getHighlight$3.invoke(BrowserMenuItem.kt:18)
06-02 16:38:06.379 D/StrictMode( 8940): at mozilla.components.browser.menu.ext.BrowserMenuItemKt$getHighlight$3.invoke(Unknown Source:2)
06-02 16:38:06.379 D/StrictMode( 8940): at kotlin.sequences.FilteringSequence$iterator$1.calcNext(Sequences.kt:133)
06-02 16:38:06.379 D/StrictMode( 8940): at kotlin.sequences.FilteringSequence$iterator$1.hasNext(Sequences.kt:156)
06-02 16:38:06.379 D/StrictMode( 8940): at kotlin.sequences.TransformingSequence$iterator$1.hasNext(Sequences.kt:176)
06-02 16:38:06.379 D/StrictMode( 8940): at kotlin.sequences.FilteringSequence$iterator$1.calcNext(Sequences.kt:131)
06-02 16:38:06.379 D/StrictMode( 8940): at kotlin.sequences.FilteringSequence$iterator$1.hasNext(Sequences.kt:156)
06-02 16:38:06.379 D/StrictMode( 8940): at mozilla.components.browser.menu.ext.BrowserMenuItemKt.getHighlight(BrowserMenuItem.kt:31)
06-02 16:38:06.379 D/StrictMode( 8940): at org.mozilla.fenix.home.HomeMenu$coreMenuItems$2.invoke(HomeMenu.kt:149)
06-02 16:38:06.379 D/StrictMode( 8940): at org.mozilla.fenix.home.HomeMenu$coreMenuItems$2.invoke(HomeMenu.kt:31)
06-02 16:38:06.379 D/StrictMode( 8940): at kotlin.SynchronizedLazyImpl.getValue(LazyJVM.kt:74)
06-02 16:38:06.379 D/StrictMode( 8940): at org.mozilla.fenix.home.HomeMenu.getCoreMenuItems(Unknown Source:7)
06-02 16:38:06.379 D/StrictMode( 8940): at org.mozilla.fenix.home.HomeMenu.<init>(HomeMenu.kt:170)
06-02 16:38:06.379 D/StrictMode( 8940): at org.mozilla.fenix.home.HomeFragment.createHomeMenu(HomeFragment.kt:668)
06-02 16:38:06.379 D/StrictMode( 8940): at org.mozilla.fenix.home.HomeFragment.onViewCreated(HomeFragment.kt:337)
06-02 16:38:06.379 D/StrictMode( 8940): at androidx.fragment.app.FragmentStateManager.createView(FragmentStateManager.java:332)
06-02 16:38:06.379 D/StrictMode( 8940): at androidx.fragment.app.FragmentManager.moveToState(FragmentManager.java:1187)
06-02 16:38:06.379 D/StrictMode( 8940): at androidx.fragment.app.FragmentManager.addAddedFragments(FragmentManager.java:2224)
06-02 16:38:06.379 D/StrictMode( 8940): at androidx.fragment.app.FragmentManager.executeOpsTogether(FragmentManager.java:1997)
06-02 16:38:06.379 D/StrictMode( 8940): at androidx.fragment.app.FragmentManager.removeRedundantOperationsAndExecute(FragmentManager.java:1953)
06-02 16:38:06.379 D/StrictMode( 8940): at androidx.fragment.app.FragmentManager.execPendingActions(FragmentManager.java:1849)
06-02 16:38:06.379 D/StrictMode( 8940): at androidx.fragment.app.FragmentManager.dispatchStateChange(FragmentManager.java:2629)
06-02 16:38:06.379 D/StrictMode( 8940): at androidx.fragment.app.FragmentManager.dispatchActivityCreated(FragmentManager.java:2577)
06-02 16:38:06.379 D/StrictMode( 8940): at androidx.fragment.app.Fragment.performActivityCreated(Fragment.java:2722)
06-02 16:38:06.379 D/StrictMode( 8940): at androidx.fragment.app.FragmentStateManager.activityCreated(FragmentStateManager.java:346)
06-02 16:38:06.379 D/StrictMode( 8940): at androidx.fragment.app.FragmentManager.moveToState(FragmentManager.java:1188)
06-02 16:38:06.379 D/StrictMode( 8940): at androidx.fragment.app.FragmentManager.moveToState(FragmentManager.java:1356)
06-02 16:38:06.379 D/StrictMode( 8940): at androidx.fragment.app.FragmentManager.moveFragmentToExpectedState(FragmentManager.java:1434)
06-02 16:38:06.379 D/StrictMode( 8940): at androidx.fragment.app.FragmentManager.moveToState(FragmentManager.java:1497)
06-02 16:38:06.379 D/StrictMode( 8940): at androidx.fragment.app.FragmentManager.dispatchStateChange(FragmentManager.java:2625)
06-02 16:38:06.379 D/StrictMode( 8940): at androidx.fragment.app.FragmentManager.dispatchActivityCreated(FragmentManager.java:2577)
06-02 16:38:06.379 D/StrictMode( 8940): at androidx.fragment.app.FragmentController.dispatchActivityCreated(FragmentController.java:247)
06-02 16:38:06.379 D/StrictMode( 8940): at androidx.fragment.app.FragmentActivity.onStart(FragmentActivity.java:541)
06-02 16:38:06.379 D/StrictMode( 8940): at androidx.appcompat.app.AppCompatAc
06-02 16:38:06.383 D/LeakCanary( 8940): LeakCanary is running and ready to detect leaks
06-02 16:38:06.386 I/libglean_ffi( 8940): glean_core::ping: Collecting baseline
06-02 16:38:06.398 D/libglean_ffi( 8940): glean_core::ping: Storing ping '0f17279d-898f-4274-874d-358ab99b6d4e' at '/data/user/0/org.mozilla.fenix.debug/glean_data/pending_pings/0f17279d-898f-4274-874d-358ab99b6d4e'
06-02 16:38:06.399 I/libglean_ffi( 8940): glean_core: The ping 'baseline' was submitted and will be sent as soon as possible
06-02 16:38:06.424 D/GeckoNetworkManager( 8940): Incoming event enableNotifications for state OnNoListeners -> OnWithListeners
06-02 16:38:06.431 D/GeckoNetworkManager( 8940): New network state: UP, WIFI, WIFI
06-02 16:38:06.436 W/ActivityManager( 1869): Receiver with filter android.content.IntentFilter@68a603a already registered for pid 8940, callerPackage is org.mozilla.fenix.debug
06-02 16:38:06.439 D/GeckoNetworkManager( 8940): Incoming event receivedUpdate for state OnWithListeners -> OnWithListeners
06-02 16:38:06.440 D/GeckoNetworkManager( 8940): New network state: UP, WIFI, WIFI
06-02 16:38:06.449 D/GeckoViewStartup( 8940): onEvent GeckoView:SetLocale
06-02 16:38:06.459 D/GeckoViewStartup( 8940): onEvent GeckoView:ResetUserPrefs
06-02 16:38:06.493 D/GeckoViewRemoteDebugger( 8940): onInit
06-02 16:38:06.495 D/GeckoViewConsole( 8940): enabled = false
06-02 16:38:06.540 D/WIFI_UT ( 1869): got request NetworkRequest [ TRACK_DEFAULT id=33, [ Capabilities: INTERNET&NOT_RESTRICTED&TRUSTED Unwanted: Uid: 10099] ] with score 60
06-02 16:38:06.540 D/WIFI ( 1869): got request NetworkRequest [ TRACK_DEFAULT id=33, [ Capabilities: INTERNET&NOT_RESTRICTED&TRUSTED Unwanted: Uid: 10099] ] with score 60
06-02 16:38:06.541 D/PhoneSwitcherNetworkRequstListener( 2121): got request NetworkRequest [ TRACK_DEFAULT id=33, [ Capabilities: INTERNET&NOT_RESTRICTED&TRUSTED Unwanted: Uid: 10099] ] with score 60
06-02 16:38:06.548 I/lla.fenix.debu( 8940): Background concurrent copying GC freed 21002(1731KB) AllocSpace objects, 41(1252KB) LOS objects, 49% free, 4MB/8MB, paused 488us total 183.846ms
06-02 16:38:06.562 D/GeckoViewStartup( 8940): onEvent GeckoView:SetLocale
06-02 16:38:06.563 D/GeckoViewStartup( 8940): onEvent GeckoView:SetDefaultPrefs
06-02 16:38:06.578 I/chatty ( 8940): uid=10099(org.mozilla.fenix.debug) identical 1 line
06-02 16:38:06.584 D/GeckoViewStartup( 8940): onEvent GeckoView:SetDefaultPrefs
06-02 16:38:06.587 D/gralloc_ranchu( 1619): gralloc_alloc: Creating ashmem region of size 9334784
06-02 16:38:06.596 D/gralloc_ranchu( 1619): gralloc_alloc: Creating ashmem region of size 9334784
06-02 16:38:06.602 D/gralloc_ranchu( 1619): gralloc_alloc: Creating ashmem region of size 9334784
06-02 16:38:06.607 D/ ( 8940): HostConnection::get() New Host Connection established 0xcd97f0c0, tid 9026
06-02 16:38:06.614 D/GeckoViewStartup( 8940): onEvent GeckoView:SetDefaultPrefs
06-02 16:38:06.616 I/ConfigStore( 8940): android::hardware::configstore::V1_0::ISurfaceFlingerConfigs::hasWideColorDisplay retrieved: 0
06-02 16:38:06.616 D/GeckoThread( 8988): State changed to LAUNCHED
06-02 16:38:06.616 I/ConfigStore( 8940): android::hardware::configstore::V1_0::ISurfaceFlingerConfigs::hasHDRDisplay retrieved: 0
06-02 16:38:06.616 I/OpenGLRenderer( 8940): Initialized EGL, version 1.4
06-02 16:38:06.616 D/OpenGLRenderer( 8940): Swap behavior 1
06-02 16:38:06.616 W/OpenGLRenderer( 8940): Failed to choose config with EGL_SWAP_BEHAVIOR_PRESERVED, retrying without...
06-02 16:38:06.616 D/OpenGLRenderer( 8940): Swap behavior 0
06-02 16:38:06.617 D/EGL_emulation( 8940): eglCreateContext: 0xe33868c0: maj 3 min 0 rcv 3
06-02 16:38:06.618 D/GeckoViewStartup( 8940): onEvent GeckoView:SetDefaultPrefs
06-02 16:38:06.619 I/GeckoThread( 8988): preparing to run Gecko
06-02 16:38:06.619 D/EGL_emulation( 8940): eglMakeCurrent: 0xe33868c0: ver 3 0 (tinfo 0xb3475200)
06-02 16:38:06.624 E/SurfaceFlinger( 1728): ro.sf.lcd_density must be defined as a build property
06-02 16:38:06.631 D/GeckoViewStartup( 8940): onEvent GeckoView:SetDefaultPrefs
06-02 16:38:06.636 W/lla.fenix.debu( 8940): Accessing hidden field Landroid/os/Trace;->TRACE_TAG_APP:J (light greylist, reflection)
06-02 16:38:06.641 D/StrictMode( 8940): StrictMode policy violation: android.os.strictmode.NonSdkApiUsedViolation: Landroid/os/Trace;->TRACE_TAG_APP:J
06-02 16:38:06.641 D/StrictMode( 8940): at android.os.StrictMode.lambda$static$1(StrictMode.java:428)
06-02 16:38:06.641 D/StrictMode( 8940): at android.os.-$$Lambda$StrictMode$lu9ekkHJ2HMz0jd3F8K8MnhenxQ.accept(Unknown Source:2)
06-02 16:38:06.641 D/StrictMode( 8940): at java.lang.Class.getPublicFieldRecursive(Native Method)
06-02 16:38:06.641 D/StrictMode( 8940): at java.lang.Class.getField(Class.java:1599)
06-02 16:38:06.641 D/StrictMode( 8940): at androidx.core.os.TraceCompat.<clinit>(TraceCompat.java:48)
06-02 16:38:06.641 D/StrictMode( 8940): at androidx.core.os.TraceCompat.beginSection(TraceCompat.java:100)
06-02 16:38:06.641 D/StrictMode( 8940): at androidx.recyclerview.widget.RecyclerView.onLayout(RecyclerView.java:4403)
06-02 16:38:06.641 D/StrictMode( 8940): at android.view.View.layout(View.java:20672)
06-02 16:38:06.641 D/StrictMode( 8940): at android.view.ViewGroup.layout(ViewGroup.java:6194)
06-02 16:38:06.641 D/StrictMode( 8940): at com.google.android.material.appbar.HeaderScrollingViewBehavior.layoutChild(HeaderScrollingViewBehavior.java:148)
06-02 16:38:06.641 D/StrictMode( 8940): at com.google.android.material.appbar.ViewOffsetBehavior.onLayoutChild(ViewOffsetBehavior.java:43)
06-02 16:38:06.641 D/StrictMode( 8940): at com.google.android.material.appbar.AppBarLayout$ScrollingViewBehavior.onLayoutChild(AppBarLayout.java:1892)
06-02 16:38:06.641 D/StrictMode( 8940): at androidx.coordinatorlayout.widget.CoordinatorLayout.onLayout(CoordinatorLayout.java:918)
06-02 16:38:06.641 D/StrictMode( 8940): at android.view.View.layout(View.java:20672)
06-02 16:38:06.641 D/StrictMode( 8940): at android.view.ViewGroup.layout(ViewGroup.java:6194)
06-02 16:38:06.641 D/StrictMode( 8940): at android.widget.FrameLayout.layoutChildren(FrameLayout.java:323)
06-02 16:38:06.641 D/StrictMode( 8940): at android.widget.FrameLayout.onLayout(FrameLayout.java:261)
06-02 16:38:06.641 D/StrictMode( 8940): at android.view.View.layout(View.java:20672)
06-02 16:38:06.641 D/StrictMode( 8940): at android.view.ViewGroup.layout(ViewGroup.java:6194)
06-02 16:38:06.641 D/StrictMode( 8940): at android.widget.LinearLayout.setChildFrame(LinearLayout.java:1812)
06-02 16:38:06.641 D/StrictMode( 8940): at android.widget.LinearLayout.layoutVertical(LinearLayout.java:1656)
06-02 16:38:06.641 D/StrictMode( 8940): at android.widget.LinearLayout.onLayout(LinearLayout.java:1565)
06-02 16:38:06.641 D/StrictMode( 8940): at android.view.View.layout(View.java:20672)
06-02 16:38:06.641 D/StrictMode( 8940): at android.view.ViewGroup.layout(ViewGroup.java:6194)
06-02 16:38:06.641 D/StrictMode( 8940): at android.widget.FrameLayout.layoutChildren(FrameLayout.java:323)
06-02 16:38:06.641 D/StrictMode( 8940): at android.widget.FrameLayout.onLayout(FrameLayout.java:261)
06-02 16:38:06.641 D/StrictMode( 8940): at android.view.View.layout(View.java:20672)
06-02 16:38:06.641 D/StrictMode( 8940): at android.view.ViewGroup.layout(ViewGroup.java:6194)
06-02 16:38:06.641 D/StrictMode( 8940): at android.widget.LinearLayout.setChildFrame(LinearLayout.java:1812)
06-02 16:38:06.641 D/StrictMode( 8940): at android.widget.LinearLayout.layoutVertical(LinearLayout.java:1656)
06-02 16:38:06.641 D/StrictMode( 8940): at android.widget.LinearLayout.onLayout(LinearLayout.java:1565)
06-02 16:38:06.641 D/StrictMode( 8940): at android.view.View.layout(View.java:20672)
06-02 16:38:06.641 D/StrictMode( 8940): at android.view.ViewGroup.layout(ViewGroup.java:6194)
06-02 16:38:06.641 D/StrictMode( 8940): at android.widget.FrameLayout.layoutChildren(FrameLayout.java:323)
06-02 16:38:06.641 D/StrictMode( 8940): at android.widget.FrameLayout.onLayout(FrameLayout.java:261)
06-02 16:38:06.641 D/StrictMode( 8940): at android.view.View.layout(View.java:20672)
06-02 16:38:06.641 D/StrictMode( 8940): at android.view.ViewGroup.layout(ViewGroup.java:6194)
06-02 16:38:06.641 D/StrictMode( 8940): at android.widget.LinearLayout.setChildFrame(LinearLayout.java:1812)
06-02 16:38:06.641 D/StrictMode( 8940): at android.widget.LinearLayout.layoutVertical(LinearLayout.java:1656)
06-02 16:38:06.641 D/StrictMode( 8940): at android.widget.LinearLayout.onLayout(LinearLayout.java:1565)
06-02 16:38:06.641 D/StrictMode( 8940): at android.view.View.layout(View.java:20672)
06-02 16:38:06.641 D/StrictMode( 8940): at android.view.ViewGroup.layout(ViewGroup.java:6194)
06-02 16:38:06.641 D/StrictMode( 8940): at android.widget.FrameLayout.layoutChildren(FrameLayout.java:323)
06-02 16:38:06.641 D/StrictMode( 8940): at android.widget.FrameLayout.onLayout(FrameLayout.java:261)
06-02 16:38:06.641 D/StrictMode( 8940): at com.android.internal.policy.DecorView.onLayout(DecorView.java:753)
06-02 16:38:06.641 D/StrictMode( 8940): at android.view.View.layout(View.java:20672)
06-02 16:38:06.641 D/StrictMode( 8940): at android.view.ViewGroup.layout(ViewGroup.java:6194)
06-02 16:38:06.641 D/StrictMode( 8940): at android.view.ViewRootImpl.performLayout(ViewRootImpl.java:2792)
06-02 16:38:06.641 D/StrictMode( 8940): at android.view.ViewRootImpl.performTraversals(ViewRootImpl.java:2319)
06-02 16:38:06.641 D/StrictMode( 8940): at android.view.ViewRootImpl.doTraversal(ViewRootImpl.java:1460)
06-02 16:38:06.641 D/StrictMode( 8940): at android.view.ViewRootImpl$TraversalRunnable.run(ViewRootImpl.java:7183)
06-02 16:38:06.641 D/StrictMode( 8940): at android.view.Choreographer$CallbackRecord.run(Choreographer.java:949)
06-02 16:38:06.641 D/StrictMode( 8940): at android.view.Choreographer.doCallbacks(Choreographer.java:761)
06-02 16:38:06.641 D/StrictMode( 8940): at android.view.Choreographer.doFrame(Choreographer.java:696)
06-02 16:38:06.641 D/StrictMode( 8940): at android.view.Choreographer$FrameDisplayEventReceiver.run(Choreographer.java:935)
06-02 16:38:06.641 D/StrictMode( 8940): at android.os.Handler.handleCallback(Handler.java:873)
06-02 16:38:06.641 D/StrictMode( 8940): at android.os.Handler.dispatchMessage(Handler.java:99)
06-02 16:38:06.641 D/StrictMode( 8940): at android.os.Looper.loop(Looper.java:193)
06-02 16:38:06.641 D/StrictMode( 8940): at android.app.ActivityThread.main(ActivityThread.java:6669)
06-02 16:38:06.641 D/StrictMode( 8940): at java.lang.reflect.Method.invoke(Native Method)
06-02 16:38:06.641 D/StrictMode( 8940): at com.android.internal.os.RuntimeInit$MethodAndArgsCaller.run(RuntimeInit.java:493)
06-02 16:38:06.641 D/StrictMode( 8940): at com.and
06-02 16:38:06.641 W/lla.fenix.debu( 8940): Accessing hidden method Landroid/os/Trace;->isTagEnabled(J)Z (light greylist, reflection)
06-02 16:38:06.645 D/StrictMode( 8940): StrictMode policy violation: android.os.strictmode.NonSdkApiUsedViolation: Landroid/os/Trace;->isTagEnabled(J)Z
06-02 16:38:06.645 D/StrictMode( 8940): at android.os.StrictMode.lambda$static$1(StrictMode.java:428)
06-02 16:38:06.645 D/StrictMode( 8940): at android.os.-$$Lambda$StrictMode$lu9ekkHJ2HMz0jd3F8K8MnhenxQ.accept(Unknown Source:2)
06-02 16:38:06.645 D/StrictMode( 8940): at java.lang.Class.getDeclaredMethodInternal(Native Method)
06-02 16:38:06.645 D/StrictMode( 8940): at java.lang.Class.getPublicMethodRecursive(Class.java:2075)
06-02 16:38:06.645 D/StrictMode( 8940): at java.lang.Class.getMethod(Class.java:2063)
06-02 16:38:06.645 D/StrictMode( 8940): at java.lang.Class.getMethod(Class.java:1690)
06-02 16:38:06.645 D/StrictMode( 8940): at androidx.core.os.TraceCompat.<clinit>(TraceCompat.java:51)
06-02 16:38:06.645 D/StrictMode( 8940): at androidx.core.os.TraceCompat.beginSection(TraceCompat.java:100)
06-02 16:38:06.645 D/StrictMode( 8940): at androidx.recyclerview.widget.RecyclerView.onLayout(RecyclerView.java:4403)
06-02 16:38:06.645 D/StrictMode( 8940): at android.view.View.layout(View.java:20672)
06-02 16:38:06.645 D/StrictMode( 8940): at android.view.ViewGroup.layout(ViewGroup.java:6194)
06-02 16:38:06.645 D/StrictMode( 8940): at com.google.android.material.appbar.HeaderScrollingViewBehavior.layoutChild(HeaderScrollingViewBehavior.java:148)
06-02 16:38:06.645 D/StrictMode( 8940): at com.google.android.material.appbar.ViewOffsetBehavior.onLayoutChild(ViewOffsetBehavior.java:43)
06-02 16:38:06.645 D/StrictMode( 8940): at com.google.android.material.appbar.AppBarLayout$ScrollingViewBehavior.onLayoutChild(AppBarLayout.java:1892)
06-02 16:38:06.645 D/StrictMode( 8940): at androidx.coordinatorlayout.widget.CoordinatorLayout.onLayout(CoordinatorLayout.java:918)
06-02 16:38:06.645 D/StrictMode( 8940): at android.view.View.layout(View.java:20672)
06-02 16:38:06.645 D/StrictMode( 8940): at android.view.ViewGroup.layout(ViewGroup.java:6194)
06-02 16:38:06.645 D/StrictMode( 8940): at android.widget.FrameLayout.layoutChildren(FrameLayout.java:323)
06-02 16:38:06.645 D/StrictMode( 8940): at android.widget.FrameLayout.onLayout(FrameLayout.java:261)
06-02 16:38:06.645 D/StrictMode( 8940): at android.view.View.layout(View.java:20672)
06-02 16:38:06.645 D/StrictMode( 8940): at android.view.ViewGroup.layout(ViewGroup.java:6194)
06-02 16:38:06.645 D/StrictMode( 8940): at android.widget.LinearLayout.setChildFrame(LinearLayout.java:1812)
06-02 16:38:06.645 D/StrictMode( 8940): at android.widget.LinearLayout.layoutVertical(LinearLayout.java:1656)
06-02 16:38:06.645 D/StrictMode( 8940): at android.widget.LinearLayout.onLayout(LinearLayout.java:1565)
06-02 16:38:06.645 D/StrictMode( 8940): at android.view.View.layout(View.java:20672)
06-02 16:38:06.645 D/StrictMode( 8940): at android.view.ViewGroup.layout(ViewGroup.java:6194)
06-02 16:38:06.645 D/StrictMode( 8940): at android.widget.FrameLayout.layoutChildren(FrameLayout.java:323)
06-02 16:38:06.645 D/StrictMode( 8940): at android.widget.FrameLayout.onLayout(FrameLayout.java:261)
06-02 16:38:06.645 D/StrictMode( 8940): at android.view.View.layout(View.java:20672)
06-02 16:38:06.645 D/StrictMode( 8940): at android.view.ViewGroup.layout(ViewGroup.java:6194)
06-02 16:38:06.645 D/StrictMode( 8940): at android.widget.LinearLayout.setChildFrame(LinearLayout.java:1812)
06-02 16:38:06.645 D/StrictMode( 8940): at android.widget.LinearLayout.layoutVertical(LinearLayout.java:1656)
06-02 16:38:06.645 D/StrictMode( 8940): at android.widget.LinearLayout.onLayout(LinearLayout.java:1565)
06-02 16:38:06.645 D/StrictMode( 8940): at android.view.View.layout(View.java:20672)
06-02 16:38:06.645 D/StrictMode( 8940): at android.view.ViewGroup.layout(ViewGroup.java:6194)
06-02 16:38:06.645 D/StrictMode( 8940): at android.widget.FrameLayout.layoutChildren(FrameLayout.java:323)
06-02 16:38:06.645 D/StrictMode( 8940): at android.widget.FrameLayout.onLayout(FrameLayout.java:261)
06-02 16:38:06.645 D/StrictMode( 8940): at android.view.View.layout(View.java:20672)
06-02 16:38:06.645 D/StrictMode( 8940): at android.view.ViewGroup.layout(ViewGroup.java:6194)
06-02 16:38:06.645 D/StrictMode( 8940): at android.widget.LinearLayout.setChildFrame(LinearLayout.java:1812)
06-02 16:38:06.645 D/StrictMode( 8940): at android.widget.LinearLayout.layoutVertical(LinearLayout.java:1656)
06-02 16:38:06.645 D/StrictMode( 8940): at android.widget.LinearLayout.onLayout(LinearLayout.java:1565)
06-02 16:38:06.645 D/StrictMode( 8940): at android.view.View.layout(View.java:20672)
06-02 16:38:06.645 D/StrictMode( 8940): at android.view.ViewGroup.layout(ViewGroup.java:6194)
06-02 16:38:06.645 D/StrictMode( 8940): at android.widget.FrameLayout.layoutChildren(FrameLayout.java:323)
06-02 16:38:06.645 D/StrictMode( 8940): at android.widget.FrameLayout.onLayout(FrameLayout.java:261)
06-02 16:38:06.645 D/StrictMode( 8940): at com.android.internal.policy.DecorView.onLayout(DecorView.java:753)
06-02 16:38:06.645 D/StrictMode( 8940): at android.view.View.layout(View.java:20672)
06-02 16:38:06.645 D/StrictMode( 8940): at android.view.ViewGroup.layout(ViewGroup.java:6194)
06-02 16:38:06.645 D/StrictMode( 8940): at android.view.ViewRootImpl.performLayout(ViewRootImpl.java:2792)
06-02 16:38:06.645 D/StrictMode( 8940): at android.view.ViewRootImpl.performTraversals(ViewRootImpl.java:2319)
06-02 16:38:06.645 D/StrictMode( 8940): at android.view.ViewRootImpl.doTraversal(ViewRootImpl.java:1460)
06-02 16:38:06.645 D/StrictMode( 8940): at android.view.ViewRootImpl$TraversalRunnable.run(ViewRootImpl.java:7183)
06-02 16:38:06.645 D/StrictMode( 8940): at android.view.Choreographer$CallbackRecord.run(Choreographer.java:949)
06-02 16:38:06.645 D/StrictMode( 8940): at android.view.Choreographer.doCallbacks(Choreographer.java:761)
06-02 16:38:06.645 D/StrictMode( 8940): at android.view.Choreographer.doFrame(Choreographer.java:696)
06-02 16:38:06.645 D/StrictMode( 8940): at android.view.Choreographer$FrameDisplayEventReceiver.run(Choreographer.java:935)
06-02 16:38:06.645 D/StrictMode( 8940): at android.os.Handler.handleCallback(Handler.java:873)
06-02 16:38:06.645 D/StrictMode( 8940): at android.os.Handler.dispatchMessage(Handler.java:99)
06-02 16:38:06.645 D/StrictMode( 8940): at android.os.Looper.loop(Looper.java:193)
06-02 16:38:06.645 D/StrictMode( 8940): at android.app.ActivityThread.main(ActivityThread.java:6669)
06-02 16:38:06.645 D/StrictMode( 8940): at java.lang.reflect.Method.invoke
06-02 16:38:06.645 W/lla.fenix.debu( 8940): Accessing hidden method Landroid/os/Trace;->asyncTraceBegin(JLjava/lang/String;I)V (light greylist, reflection)
06-02 16:38:06.653 D/StrictMode( 8940): StrictMode policy violation: android.os.strictmode.NonSdkApiUsedViolation: Landroid/os/Trace;->asyncTraceBegin(JLjava/lang/String;I)V
06-02 16:38:06.653 D/StrictMode( 8940): at android.os.StrictMode.lambda$static$1(StrictMode.java:428)
06-02 16:38:06.653 D/StrictMode( 8940): at android.os.-$$Lambda$StrictMode$lu9ekkHJ2HMz0jd3F8K8MnhenxQ.accept(Unknown Source:2)
06-02 16:38:06.653 D/StrictMode( 8940): at java.lang.Class.getDeclaredMethodInternal(Native Method)
06-02 16:38:06.653 D/StrictMode( 8940): at java.lang.Class.getPublicMethodRecursive(Class.java:2075)
06-02 16:38:06.653 D/StrictMode( 8940): at java.lang.Class.getMethod(Class.java:2063)
06-02 16:38:06.653 D/StrictMode( 8940): at java.lang.Class.getMethod(Class.java:1690)
06-02 16:38:06.653 D/StrictMode( 8940): at androidx.core.os.TraceCompat.<clinit>(TraceCompat.java:52)
06-02 16:38:06.653 D/StrictMode( 8940): at androidx.core.os.TraceCompat.beginSection(TraceCompat.java:100)
06-02 16:38:06.653 D/StrictMode( 8940): at androidx.recyclerview.widget.RecyclerView.onLayout(RecyclerView.java:4403)
06-02 16:38:06.653 D/StrictMode( 8940): at android.view.View.layout(View.java:20672)
06-02 16:38:06.653 D/StrictMode( 8940): at android.view.ViewGroup.layout(ViewGroup.java:6194)
06-02 16:38:06.653 D/StrictMode( 8940): at com.google.android.material.appbar.HeaderScrollingViewBehavior.layoutChild(HeaderScrollingViewBehavior.java:148)
06-02 16:38:06.653 D/StrictMode( 8940): at com.google.android.material.appbar.ViewOffsetBehavior.onLayoutChild(ViewOffsetBehavior.java:43)
06-02 16:38:06.653 D/StrictMode( 8940): at com.google.android.material.appbar.AppBarLayout$ScrollingViewBehavior.onLayoutChild(AppBarLayout.java:1892)
06-02 16:38:06.653 D/StrictMode( 8940): at androidx.coordinatorlayout.widget.CoordinatorLayout.onLayout(CoordinatorLayout.java:918)
06-02 16:38:06.653 D/StrictMode( 8940): at android.view.View.layout(View.java:20672)
06-02 16:38:06.653 D/StrictMode( 8940): at android.view.ViewGroup.layout(ViewGroup.java:6194)
06-02 16:38:06.653 D/StrictMode( 8940): at android.widget.FrameLayout.layoutChildren(FrameLayout.java:323)
06-02 16:38:06.653 D/StrictMode( 8940): at android.widget.FrameLayout.onLayout(FrameLayout.java:261)
06-02 16:38:06.653 D/StrictMode( 8940): at android.view.View.layout(View.java:20672)
06-02 16:38:06.653 D/StrictMode( 8940): at android.view.ViewGroup.layout(ViewGroup.java:6194)
06-02 16:38:06.653 D/StrictMode( 8940): at android.widget.LinearLayout.setChildFrame(LinearLayout.java:1812)
06-02 16:38:06.653 D/StrictMode( 8940): at android.widget.LinearLayout.layoutVertical(LinearLayout.java:1656)
06-02 16:38:06.653 D/StrictMode( 8940): at android.widget.LinearLayout.onLayout(LinearLayout.java:1565)
06-02 16:38:06.653 D/StrictMode( 8940): at android.view.View.layout(View.java:20672)
06-02 16:38:06.653 D/StrictMode( 8940): at android.view.ViewGroup.layout(ViewGroup.java:6194)
06-02 16:38:06.653 D/StrictMode( 8940): at android.widget.FrameLayout.layoutChildren(FrameLayout.java:323)
06-02 16:38:06.653 D/StrictMode( 8940): at android.widget.FrameLayout.onLayout(FrameLayout.java:261)
06-02 16:38:06.653 D/StrictMode( 8940): at android.view.View.layout(View.java:20672)
06-02 16:38:06.653 D/StrictMode( 8940): at android.view.ViewGroup.layout(ViewGroup.java:6194)
06-02 16:38:06.653 D/StrictMode( 8940): at android.widget.LinearLayout.setChildFrame(LinearLayout.java:1812)
06-02 16:38:06.653 D/StrictMode( 8940): at android.widget.LinearLayout.layoutVertical(LinearLayout.java:1656)
06-02 16:38:06.653 D/StrictMode( 8940): at android.widget.LinearLayout.onLayout(LinearLayout.java:1565)
06-02 16:38:06.653 D/StrictMode( 8940): at android.view.View.layout(View.java:20672)
06-02 16:38:06.653 D/StrictMode( 8940): at android.view.ViewGroup.layout(ViewGroup.java:6194)
06-02 16:38:06.653 D/StrictMode( 8940): at android.widget.FrameLayout.layoutChildren(FrameLayout.java:323)
06-02 16:38:06.653 D/StrictMode( 8940): at android.widget.FrameLayout.onLayout(FrameLayout.java:261)
06-02 16:38:06.653 D/StrictMode( 8940): at android.view.View.layout(View.java:20672)
06-02 16:38:06.653 D/StrictMode( 8940): at android.view.ViewGroup.layout(ViewGroup.java:6194)
06-02 16:38:06.653 D/StrictMode( 8940): at android.widget.LinearLayout.setChildFrame(LinearLayout.java:1812)
06-02 16:38:06.653 D/StrictMode( 8940): at android.widget.LinearLayout.layoutVertical(LinearLayout.java:1656)
06-02 16:38:06.653 D/StrictMode( 8940): at android.widget.LinearLayout.onLayout(LinearLayout.java:1565)
06-02 16:38:06.653 D/StrictMode( 8940): at android.view.View.layout(View.java:20672)
06-02 16:38:06.653 D/StrictMode( 8940): at android.view.ViewGroup.layout(ViewGroup.java:6194)
06-02 16:38:06.653 D/StrictMode( 8940): at android.widget.FrameLayout.layoutChildren(FrameLayout.java:323)
06-02 16:38:06.653 D/StrictMode( 8940): at android.widget.FrameLayout.onLayout(FrameLayout.java:261)
06-02 16:38:06.653 D/StrictMode( 8940): at com.android.internal.policy.DecorView.onLayout(DecorView.java:753)
06-02 16:38:06.653 D/StrictMode( 8940): at android.view.View.layout(View.java:20672)
06-02 16:38:06.653 D/StrictMode( 8940): at android.view.ViewGroup.layout(ViewGroup.java:6194)
06-02 16:38:06.653 D/StrictMode( 8940): at android.view.ViewRootImpl.performLayout(ViewRootImpl.java:2792)
06-02 16:38:06.653 D/StrictMode( 8940): at android.view.ViewRootImpl.performTraversals(ViewRootImpl.java:2319)
06-02 16:38:06.653 D/StrictMode( 8940): at android.view.ViewRootImpl.doTraversal(ViewRootImpl.java:1460)
06-02 16:38:06.653 D/StrictMode( 8940): at android.view.ViewRootImpl$TraversalRunnable.run(ViewRootImpl.java:7183)
06-02 16:38:06.653 D/StrictMode( 8940): at android.view.Choreographer$CallbackRecord.run(Choreographer.java:949)
06-02 16:38:06.653 D/StrictMode( 8940): at android.view.Choreographer.doCallbacks(Choreographer.java:761)
06-02 16:38:06.653 D/StrictMode( 8940): at android.view.Choreographer.doFrame(Choreographer.java:696)
06-02 16:38:06.653 D/StrictMode( 8940): at android.view.Choreographer$FrameDisplayEventReceiver.run(Choreographer.java:935)
06-02 16:38:06.653 D/StrictMode( 8940): at android.os.Handler.handleCallback(Handler.java:873)
06-02 16:38:06.653 D/StrictMode( 8940): at android.os.Handler.dispatchMessage(Handler.java:99)
06-02 16:38:06.653 D/StrictMode( 8940): at android.os.Looper.loop(Looper.java:193)
06-02 16:38:06.653 D/StrictMode( 8940): at android.app.ActivityThread.main(ActivityThread.java:6669)
06-02 16:38:06.653 D/StrictMode( 8940): at java.lang
06-02 16:38:06.653 W/lla.fenix.debu( 8940): Accessing hidden method Landroid/os/Trace;->asyncTraceEnd(JLjava/lang/String;I)V (light greylist, reflection)
06-02 16:38:06.658 D/GeckoViewStartup( 8940): onEvent GeckoView:SetDefaultPrefs
06-02 16:38:06.661 D/StrictMode( 8940): StrictMode policy violation: android.os.strictmode.NonSdkApiUsedViolation: Landroid/os/Trace;->asyncTraceEnd(JLjava/lang/String;I)V
06-02 16:38:06.661 D/StrictMode( 8940): at android.os.StrictMode.lambda$static$1(StrictMode.java:428)
06-02 16:38:06.661 D/StrictMode( 8940): at android.os.-$$Lambda$StrictMode$lu9ekkHJ2HMz0jd3F8K8MnhenxQ.accept(Unknown Source:2)
06-02 16:38:06.661 D/StrictMode( 8940): at java.lang.Class.getDeclaredMethodInternal(Native Method)
06-02 16:38:06.661 D/StrictMode( 8940): at java.lang.Class.getPublicMethodRecursive(Class.java:2075)
06-02 16:38:06.661 D/StrictMode( 8940): at java.lang.Class.getMethod(Class.java:2063)
06-02 16:38:06.661 D/StrictMode( 8940): at java.lang.Class.getMethod(Class.java:1690)
06-02 16:38:06.661 D/StrictMode( 8940): at androidx.core.os.TraceCompat.<clinit>(TraceCompat.java:54)
06-02 16:38:06.661 D/StrictMode( 8940): at androidx.core.os.TraceCompat.beginSection(TraceCompat.java:100)
06-02 16:38:06.661 D/StrictMode( 8940): at androidx.recyclerview.widget.RecyclerView.onLayout(RecyclerView.java:4403)
06-02 16:38:06.661 D/StrictMode( 8940): at android.view.View.layout(View.java:20672)
06-02 16:38:06.661 D/StrictMode( 8940): at android.view.ViewGroup.layout(ViewGroup.java:6194)
06-02 16:38:06.661 D/StrictMode( 8940): at com.google.android.material.appbar.HeaderScrollingViewBehavior.layoutChild(HeaderScrollingViewBehavior.java:148)
06-02 16:38:06.661 D/StrictMode( 8940): at com.google.android.material.appbar.ViewOffsetBehavior.onLayoutChild(ViewOffsetBehavior.java:43)
06-02 16:38:06.661 D/StrictMode( 8940): at com.google.android.material.appbar.AppBarLayout$ScrollingViewBehavior.onLayoutChild(AppBarLayout.java:1892)
06-02 16:38:06.661 D/StrictMode( 8940): at androidx.coordinatorlayout.widget.CoordinatorLayout.onLayout(CoordinatorLayout.java:918)
06-02 16:38:06.661 D/StrictMode( 8940): at android.view.View.layout(View.java:20672)
06-02 16:38:06.661 D/StrictMode( 8940): at android.view.ViewGroup.layout(ViewGroup.java:6194)
06-02 16:38:06.661 D/StrictMode( 8940): at android.widget.FrameLayout.layoutChildren(FrameLayout.java:323)
06-02 16:38:06.661 D/StrictMode( 8940): at android.widget.FrameLayout.onLayout(FrameLayout.java:261)
06-02 16:38:06.661 D/StrictMode( 8940): at android.view.View.layout(View.java:20672)
06-02 16:38:06.661 D/StrictMode( 8940): at android.view.ViewGroup.layout(ViewGroup.java:6194)
06-02 16:38:06.661 D/StrictMode( 8940): at android.widget.LinearLayout.setChildFrame(LinearLayout.java:1812)
06-02 16:38:06.661 D/StrictMode( 8940): at android.widget.LinearLayout.layoutVertical(LinearLayout.java:1656)
06-02 16:38:06.661 D/StrictMode( 8940): at android.widget.LinearLayout.onLayout(LinearLayout.java:1565)
06-02 16:38:06.661 D/StrictMode( 8940): at android.view.View.layout(View.java:20672)
06-02 16:38:06.661 D/StrictMode( 8940): at android.view.ViewGroup.layout(ViewGroup.java:6194)
06-02 16:38:06.661 D/StrictMode( 8940): at android.widget.FrameLayout.layoutChildren(FrameLayout.java:323)
06-02 16:38:06.661 D/StrictMode( 8940): at android.widget.FrameLayout.onLayout(FrameLayout.java:261)
06-02 16:38:06.661 D/StrictMode( 8940): at android.view.View.layout(View.java:20672)
06-02 16:38:06.661 D/StrictMode( 8940): at android.view.ViewGroup.layout(ViewGroup.java:6194)
06-02 16:38:06.661 D/StrictMode( 8940): at android.widget.LinearLayout.setChildFrame(LinearLayout.java:1812)
06-02 16:38:06.661 D/StrictMode( 8940): at android.widget.LinearLayout.layoutVertical(LinearLayout.java:1656)
06-02 16:38:06.661 D/StrictMode( 8940): at android.widget.LinearLayout.onLayout(LinearLayout.java:1565)
06-02 16:38:06.661 D/StrictMode( 8940): at android.view.View.layout(View.java:20672)
06-02 16:38:06.661 D/StrictMode( 8940): at android.view.ViewGroup.layout(ViewGroup.java:6194)
06-02 16:38:06.661 D/StrictMode( 8940): at android.widget.FrameLayout.layoutChildren(FrameLayout.java:323)
06-02 16:38:06.661 D/StrictMode( 8940): at android.widget.FrameLayout.onLayout(FrameLayout.java:261)
06-02 16:38:06.661 D/StrictMode( 8940): at android.view.View.layout(View.java:20672)
06-02 16:38:06.661 D/StrictMode( 8940): at android.view.ViewGroup.layout(ViewGroup.java:6194)
06-02 16:38:06.661 D/StrictMode( 8940): at android.widget.LinearLayout.setChildFrame(LinearLayout.java:1812)
06-02 16:38:06.661 D/StrictMode( 8940): at android.widget.LinearLayout.layoutVertical(LinearLayout.java:1656)
06-02 16:38:06.661 D/StrictMode( 8940): at android.widget.LinearLayout.onLayout(LinearLayout.java:1565)
06-02 16:38:06.661 D/StrictMode( 8940): at android.view.View.layout(View.java:20672)
06-02 16:38:06.661 D/StrictMode( 8940): at android.view.ViewGroup.layout(ViewGroup.java:6194)
06-02 16:38:06.661 D/StrictMode( 8940): at android.widget.FrameLayout.layoutChildren(FrameLayout.java:323)
06-02 16:38:06.661 D/StrictMode( 8940): at android.widget.FrameLayout.onLayout(FrameLayout.java:261)
06-02 16:38:06.661 D/StrictMode( 8940): at com.android.internal.policy.DecorView.onLayout(DecorView.java:753)
06-02 16:38:06.661 D/StrictMode( 8940): at android.view.View.layout(View.java:20672)
06-02 16:38:06.661 D/StrictMode( 8940): at android.view.ViewGroup.layout(ViewGroup.java:6194)
06-02 16:38:06.661 D/StrictMode( 8940): at android.view.ViewRootImpl.performLayout(ViewRootImpl.java:2792)
06-02 16:38:06.661 D/StrictMode( 8940): at android.view.ViewRootImpl.performTraversals(ViewRootImpl.java:2319)
06-02 16:38:06.661 D/StrictMode( 8940): at android.view.ViewRootImpl.doTraversal(ViewRootImpl.java:1460)
06-02 16:38:06.661 D/StrictMode( 8940): at android.view.ViewRootImpl$TraversalRunnable.run(ViewRootImpl.java:7183)
06-02 16:38:06.661 D/StrictMode( 8940): at android.view.Choreographer$CallbackRecord.run(Choreographer.java:949)
06-02 16:38:06.661 D/StrictMode( 8940): at android.view.Choreographer.doCallbacks(Choreographer.java:761)
06-02 16:38:06.661 D/StrictMode( 8940): at android.view.Choreographer.doFrame(Choreographer.java:696)
06-02 16:38:06.661 D/StrictMode( 8940): at android.view.Choreographer$FrameDisplayEventReceiver.run(Choreographer.java:935)
06-02 16:38:06.661 D/StrictMode( 8940): at android.os.Handler.handleCallback(Handler.java:873)
06-02 16:38:06.661 D/StrictMode( 8940): at android.os.Handler.dispatchMessage(Handler.java:99)
06-02 16:38:06.661 D/StrictMode( 8940): at android.os.Looper.loop(Looper.java:193)
06-02 16:38:06.661 D/StrictMode( 8940): at android.app.ActivityThread.main(ActivityThread.java:6669)
06-02 16:38:06.661 D/StrictMode( 8940): at java.lang.r
06-02 16:38:06.662 W/lla.fenix.debu( 8940): Accessing hidden method Landroid/os/Trace;->traceCounter(JLjava/lang/String;I)V (light greylist, reflection)
06-02 16:38:06.663 D/GeckoViewStartup( 8940): onEvent GeckoView:SetDefaultPrefs
06-02 16:38:06.664 D/GeckoViewStartup( 8940): onEvent GeckoView:SetDefaultPrefs
06-02 16:38:06.670 D/StrictMode( 8940): StrictMode policy violation: android.os.strictmode.NonSdkApiUsedViolation: Landroid/os/Trace;->traceCounter(JLjava/lang/String;I)V
06-02 16:38:06.670 D/StrictMode( 8940): at android.os.StrictMode.lambda$static$1(StrictMode.java:428)
06-02 16:38:06.670 D/StrictMode( 8940): at android.os.-$$Lambda$StrictMode$lu9ekkHJ2HMz0jd3F8K8MnhenxQ.accept(Unknown Source:2)
06-02 16:38:06.670 D/StrictMode( 8940): at java.lang.Class.getDeclaredMethodInternal(Native Method)
06-02 16:38:06.670 D/StrictMode( 8940): at java.lang.Class.getPublicMethodRecursive(Class.java:2075)
06-02 16:38:06.670 D/StrictMode( 8940): at java.lang.Class.getMethod(Class.java:2063)
06-02 16:38:06.670 D/StrictMode( 8940): at java.lang.Class.getMethod(Class.java:1690)
06-02 16:38:06.670 D/StrictMode( 8940): at androidx.core.os.TraceCompat.<clinit>(TraceCompat.java:56)
06-02 16:38:06.670 D/StrictMode( 8940): at androidx.core.os.TraceCompat.beginSection(TraceCompat.java:100)
06-02 16:38:06.670 D/StrictMode( 8940): at androidx.recyclerview.widget.RecyclerView.onLayout(RecyclerView.java:4403)
06-02 16:38:06.670 D/StrictMode( 8940): at android.view.View.layout(View.java:20672)
06-02 16:38:06.670 D/StrictMode( 8940): at android.view.ViewGroup.layout(ViewGroup.java:6194)
06-02 16:38:06.670 D/StrictMode( 8940): at com.google.android.material.appbar.HeaderScrollingViewBehavior.layoutChild(HeaderScrollingViewBehavior.java:148)
06-02 16:38:06.670 D/StrictMode( 8940): at com.google.android.material.appbar.ViewOffsetBehavior.onLayoutChild(ViewOffsetBehavior.java:43)
06-02 16:38:06.670 D/StrictMode( 8940): at com.google.android.material.appbar.AppBarLayout$ScrollingViewBehavior.onLayoutChild(AppBarLayout.java:1892)
06-02 16:38:06.670 D/StrictMode( 8940): at androidx.coordinatorlayout.widget.CoordinatorLayout.onLayout(CoordinatorLayout.java:918)
06-02 16:38:06.670 D/StrictMode( 8940): at android.view.View.layout(View.java:20672)
06-02 16:38:06.670 D/StrictMode( 8940): at android.view.ViewGroup.layout(ViewGroup.java:6194)
06-02 16:38:06.670 D/StrictMode( 8940): at android.widget.FrameLayout.layoutChildren(FrameLayout.java:323)
06-02 16:38:06.670 D/StrictMode( 8940): at android.widget.FrameLayout.onLayout(FrameLayout.java:261)
06-02 16:38:06.670 D/StrictMode( 8940): at android.view.View.layout(View.java:20672)
06-02 16:38:06.670 D/StrictMode( 8940): at android.view.ViewGroup.layout(ViewGroup.java:6194)
06-02 16:38:06.670 D/StrictMode( 8940): at android.widget.LinearLayout.setChildFrame(LinearLayout.java:1812)
06-02 16:38:06.670 D/StrictMode( 8940): at android.widget.LinearLayout.layoutVertical(LinearLayout.java:1656)
06-02 16:38:06.670 D/StrictMode( 8940): at android.widget.LinearLayout.onLayout(LinearLayout.java:1565)
06-02 16:38:06.670 D/StrictMode( 8940): at android.view.View.layout(View.java:20672)
06-02 16:38:06.670 D/StrictMode( 8940): at android.view.ViewGroup.layout(ViewGroup.java:6194)
06-02 16:38:06.670 D/StrictMode( 8940): at android.widget.FrameLayout.layoutChildren(FrameLayout.java:323)
06-02 16:38:06.670 D/StrictMode( 8940): at android.widget.FrameLayout.onLayout(FrameLayout.java:261)
06-02 16:38:06.670 D/StrictMode( 8940): at android.view.View.layout(View.java:20672)
06-02 16:38:06.670 D/StrictMode( 8940): at android.view.ViewGroup.layout(ViewGroup.java:6194)
06-02 16:38:06.670 D/StrictMode( 8940): at android.widget.LinearLayout.setChildFrame(LinearLayout.java:1812)
06-02 16:38:06.670 D/StrictMode( 8940): at android.widget.LinearLayout.layoutVertical(LinearLayout.java:1656)
06-02 16:38:06.670 D/StrictMode( 8940): at android.widget.LinearLayout.onLayout(LinearLayout.java:1565)
06-02 16:38:06.670 D/StrictMode( 8940): at android.view.View.layout(View.java:20672)
06-02 16:38:06.670 D/StrictMode( 8940): at android.view.ViewGroup.layout(ViewGroup.java:6194)
06-02 16:38:06.670 D/StrictMode( 8940): at android.widget.FrameLayout.layoutChildren(FrameLayout.java:323)
06-02 16:38:06.670 D/StrictMode( 8940): at android.widget.FrameLayout.onLayout(FrameLayout.java:261)
06-02 16:38:06.670 D/StrictMode( 8940): at android.view.View.layout(View.java:20672)
06-02 16:38:06.670 D/StrictMode( 8940): at android.view.ViewGroup.layout(ViewGroup.java:6194)
06-02 16:38:06.670 D/StrictMode( 8940): at android.widget.LinearLayout.setChildFrame(LinearLayout.java:1812)
06-02 16:38:06.670 D/StrictMode( 8940): at android.widget.LinearLayout.layoutVertical(LinearLayout.java:1656)
06-02 16:38:06.670 D/StrictMode( 8940): at android.widget.LinearLayout.onLayout(LinearLayout.java:1565)
06-02 16:38:06.670 D/StrictMode( 8940): at android.view.View.layout(View.java:20672)
06-02 16:38:06.670 D/StrictMode( 8940): at android.view.ViewGroup.layout(ViewGroup.java:6194)
06-02 16:38:06.670 D/StrictMode( 8940): at android.widget.FrameLayout.layoutChildren(FrameLayout.java:323)
06-02 16:38:06.670 D/StrictMode( 8940): at android.widget.FrameLayout.onLayout(FrameLayout.java:261)
06-02 16:38:06.670 D/StrictMode( 8940): at com.android.internal.policy.DecorView.onLayout(DecorView.java:753)
06-02 16:38:06.670 D/StrictMode( 8940): at android.view.View.layout(View.java:20672)
06-02 16:38:06.670 D/StrictMode( 8940): at android.view.ViewGroup.layout(ViewGroup.java:6194)
06-02 16:38:06.670 D/StrictMode( 8940): at android.view.ViewRootImpl.performLayout(ViewRootImpl.java:2792)
06-02 16:38:06.670 D/StrictMode( 8940): at android.view.ViewRootImpl.performTraversals(ViewRootImpl.java:2319)
06-02 16:38:06.670 D/StrictMode( 8940): at android.view.ViewRootImpl.doTraversal(ViewRootImpl.java:1460)
06-02 16:38:06.670 D/StrictMode( 8940): at android.view.ViewRootImpl$TraversalRunnable.run(ViewRootImpl.java:7183)
06-02 16:38:06.670 D/StrictMode( 8940): at android.view.Choreographer$CallbackRecord.run(Choreographer.java:949)
06-02 16:38:06.670 D/StrictMode( 8940): at android.view.Choreographer.doCallbacks(Choreographer.java:761)
06-02 16:38:06.670 D/StrictMode( 8940): at android.view.Choreographer.doFrame(Choreographer.java:696)
06-02 16:38:06.670 D/StrictMode( 8940): at android.view.Choreographer$FrameDisplayEventReceiver.run(Choreographer.java:935)
06-02 16:38:06.670 D/StrictMode( 8940): at android.os.Handler.handleCallback(Handler.java:873)
06-02 16:38:06.670 D/StrictMode( 8940): at android.os.Handler.dispatchMessage(Handler.java:99)
06-02 16:38:06.670 D/StrictMode( 8940): at android.os.Looper.loop(Looper.java:193)
06-02 16:38:06.670 D/StrictMode( 8940): at android.app.ActivityThread.main(ActivityThread.java:6669)
06-02 16:38:06.670 D/StrictMode( 8940): at java.lang.re
06-02 16:38:06.673 D/GeckoViewStartup( 8940): onEvent GeckoView:SetDefaultPrefs
06-02 16:38:06.693 D/GeckoViewStartup( 8940): onEvent GeckoView:SetDefaultPrefs
06-02 16:38:06.702 D/GeckoNetworkManager( 8940): Incoming event receivedUpdate for state OnWithListeners -> OnWithListeners
06-02 16:38:06.703 D/GeckoNetworkManager( 8940): New network state: UP, WIFI, WIFI
06-02 16:38:06.715 D/GeckoViewConsole( 8940): onEvent GeckoView:RegisterWebExtension {"allowContentMessaging":true,"id":"webcompat@mozilla.com","locationUri":"resource://android/assets/extensions/webcompat/"}
06-02 16:38:06.727 D/GeckoViewConsole( 8940): onEvent GeckoView:WebExtension:List null
06-02 16:38:06.730 D/GeckoViewConsole( 8940): onEvent GeckoView:RegisterWebExtension {"allowContentMessaging":true,"id":"mozacBrowserIcons","locationUri":"resource://android/assets/extensions/browser-icons/"}
06-02 16:38:06.735 D/GeckoViewConsole( 8940): onEvent GeckoView:RegisterWebExtension {"allowContentMessaging":true,"id":"mozacBrowserAds","locationUri":"resource://android/assets/extensions/ads/"}
06-02 16:38:06.736 D/EGL_emulation( 8940): eglMakeCurrent: 0xe33868c0: ver 3 0 (tinfo 0xb3475200)
06-02 16:38:06.737 D/GeckoViewConsole( 8940): onEvent GeckoView:RegisterWebExtension {"allowContentMessaging":true,"id":"BrowserCookiesExtension","locationUri":"resource://android/assets/extensions/cookies/"}
06-02 16:38:06.782 D/glean/PingUploadWorker( 8940): Processing persisted pings at /data/user/0/org.mozilla.fenix.debug/glean_data/pending_pings
06-02 16:38:06.782 D/glean/PingUploadWorker( 8940): Processing ping: 0f17279d-898f-4274-874d-358ab99b6d4e
06-02 16:38:06.784 I/ActivityManager( 1869): Displayed org.mozilla.fenix.debug/.App: +3s625ms
06-02 16:38:06.787 I/GoogleInputMethod( 1996): onFinishInput() : Dummy InputConnection bound
06-02 16:38:06.789 I/GoogleInputMethod( 1996): onStartInput() : Dummy InputConnection bound
06-02 16:38:06.800 E/adbd ( 4408): failed to connect to socket 'tcp:2829': Connection refused
06-02 16:38:06.803 I/DefaultSupportedAddonsChecker( 8940): Register check for new supported add-ons
06-02 16:38:06.808 D/glean/ConceptFetchHttpUploader( 8940): Submitting ping to: https://incoming.telemetry.mozilla.org/submit/org-mozilla-fenix-debug/baseline/1/0f17279d-898f-4274-874d-358ab99b6d4e
06-02 16:38:06.838 D/StrictMode( 8940): StrictMode policy violation; ~duration=26 ms: android.os.strictmode.DiskReadViolation
06-02 16:38:06.838 D/StrictMode( 8940): at android.os.StrictMode$AndroidBlockGuardPolicy.onReadFromDisk(StrictMode.java:1504)
06-02 16:38:06.838 D/StrictMode( 8940): at java.io.UnixFileSystem.checkAccess(UnixFileSystem.java:251)
