06-02 16:38:45.475 D/StrictMode( 9365): at android.app.ContextImpl.ensurePrivateDirExists(ContextImpl.java:605)
06-02 16:38:45.475 D/StrictMode( 9365): at android.app.ContextImpl.ensurePrivateDirExists(ContextImpl.java:596)
06-02 16:38:45.475 D/StrictMode( 9365): at android.app.ContextImpl.getFilesDir(ContextImpl.java:641)
06-02 16:38:45.475 D/StrictMode( 9365): at android.content.ContextWrapper.getFilesDir(ContextWrapper.java:239)
06-02 16:38:45.475 D/StrictMode( 9365): at mozilla.components.feature.tab.collections.TabCollectionStorage.<init>(TabCollectionStorage.kt:29)
06-02 16:38:45.475 D/StrictMode( 9365): at org.mozilla.fenix.components.TabCollectionStorage$collectionStorage$2.invoke(TabCollectionStorage.kt:52)
06-02 16:38:45.475 D/StrictMode( 9365): at org.mozilla.fenix.components.TabCollectionStorage$collectionStorage$2.invoke(TabCollectionStorage.kt:23)
06-02 16:38:45.475 D/StrictMode( 9365): at kotlin.SynchronizedLazyImpl.getValue(LazyJVM.kt:74)
06-02 16:38:45.475 D/StrictMode( 9365): at org.mozilla.fenix.components.TabCollectionStorage.getCollectionStorage(Unknown Source:7)
06-02 16:38:45.475 D/StrictMode( 9365): at org.mozilla.fenix.components.TabCollectionStorage.getCollections(TabCollectionStorage.kt:70)
06-02 16:38:45.475 D/StrictMode( 9365): at org.mozilla.fenix.components.TabCollectionStorage.getCollections$default(TabCollectionStorage.kt:69)
06-02 16:38:45.475 D/StrictMode( 9365): at org.mozilla.fenix.home.HomeFragment.subscribeToTabCollections(HomeFragment.kt:750)
06-02 16:38:45.475 D/StrictMode( 9365): at org.mozilla.fenix.home.HomeFragment.onStart(HomeFragment.kt:404)
06-02 16:38:45.475 D/StrictMode( 9365): at androidx.fragment.app.Fragment.performStart(Fragment.java:2730)
06-02 16:38:45.475 D/StrictMode( 9365): at androidx.fragment.app.FragmentStateManager.start(FragmentStateManager.java:365)
06-02 16:38:45.475 D/StrictMode( 9365): at androidx.fragment.app.FragmentManager.moveToState(FragmentManager.java:1194)
06-02 16:38:45.475 D/StrictMode( 9365): at androidx.fragment.app.FragmentManager.moveToState(FragmentManager.java:1356)
06-02 16:38:45.475 D/StrictMode( 9365): at androidx.fragment.app.FragmentManager.moveFragmentToExpectedState(FragmentManager.java:1434)
06-02 16:38:45.475 D/StrictMode( 9365): at androidx.fragment.app.FragmentManager.moveToState(FragmentManager.java:1497)
06-02 16:38:45.475 D/StrictMode( 9365): at androidx.fragment.app.FragmentManager.completeExecute(FragmentManager.java:2125)
06-02 16:38:45.475 D/StrictMode( 9365): at androidx.fragment.app.FragmentManager$StartEnterTransitionListener.completeTransaction(FragmentManager.java:3022)
06-02 16:38:45.475 D/StrictMode( 9365): at androidx.fragment.app.FragmentManager.executePostponedTransaction(FragmentManager.java:1895)
06-02 16:38:45.475 D/StrictMode( 9365): at androidx.fragment.app.FragmentManager.ensureExecReady(FragmentManager.java:1803)
06-02 16:38:45.475 D/StrictMode( 9365): at androidx.fragment.app.FragmentManager.execPendingActions(FragmentManager.java:1843)
06-02 16:38:45.475 D/StrictMode( 9365): at androidx.fragment.app.FragmentManager$4.run(FragmentManager.java:413)
06-02 16:38:45.475 D/StrictMode( 9365): at android.os.Handler.handleCallback(Handler.java:873)
06-02 16:38:45.475 D/StrictMode( 9365): at android.os.Handler.dispatchMessage(Handler.java:99)
06-02 16:38:45.475 D/StrictMode( 9365): at android.os.Looper.loop(Looper.java:193)
06-02 16:38:45.475 D/StrictMode( 9365): at android.app.ActivityThread.main(ActivityThread.java:6669)
06-02 16:38:45.475 D/StrictMode( 9365): at java.lang.reflect.Method.invoke(Native Method)
06-02 16:38:45.475 D/StrictMode( 9365): at com.android.internal.os.RuntimeInit$MethodAndArgsCaller.run(RuntimeInit.java:493)
06-02 16:38:45.475 D/StrictMode( 9365): at com.android.internal.os.ZygoteInit.main(ZygoteInit.java:858)
06-02 16:38:45.518 D/GeckoViewStartup( 9365): onEvent GeckoView:SetLocale
06-02 16:38:45.519 D/GeckoViewStartup( 9365): onEvent GeckoView:SetDefaultPrefs
06-02 16:38:45.528 D/GeckoViewStartup( 9365): onEvent GeckoView:SetDefaultPrefs
06-02 16:38:45.532 E/adbd ( 4408): failed to connect to socket 'tcp:2829': Connection refused
06-02 16:38:45.534 D/GeckoViewStartup( 9365): onEvent GeckoView:SetDefaultPrefs
06-02 16:38:45.549 I/chatty ( 9365): uid=10099(org.mozilla.fenix.debug) Gecko identical 2 lines
06-02 16:38:45.562 D/GeckoViewStartup( 9365): onEvent GeckoView:SetDefaultPrefs
06-02 16:38:45.568 D/gralloc_ranchu( 1869): gralloc_unregister_buffer: exiting HostConnection (is buffer-handling thread)
06-02 16:38:45.569 D/ ( 1869): HostConnection::get() New Host Connection established 0xc1b060c0, tid 1930
06-02 16:38:45.570 D/gralloc_ranchu( 1869): gralloc_unregister_buffer: exiting HostConnection (is buffer-handling thread)
06-02 16:38:45.571 D/ ( 1869): HostConnection::get() New Host Connection established 0xc1b060c0, tid 1930
06-02 16:38:45.571 D/gralloc_ranchu( 1869): gralloc_unregister_buffer: exiting HostConnection (is buffer-handling thread)
06-02 16:38:45.572 D/ ( 1869): HostConnection::get() New Host Connection established 0xc1b060c0, tid 1930
06-02 16:38:45.572 D/gralloc_ranchu( 1869): gralloc_unregister_buffer: exiting HostConnection (is buffer-handling thread)
06-02 16:38:45.573 W/SurfaceFlinger( 1728): Attempting to set client state on removed layer: Splash Screen org.mozilla.fenix.debug#0
06-02 16:38:45.573 W/SurfaceFlinger( 1728): Attempting to destroy on removed layer: Splash Screen org.mozilla.fenix.debug#0
06-02 16:38:45.580 D/GeckoViewStartup( 9365): onEvent GeckoView:SetDefaultPrefs
06-02 16:38:45.584 D/GeckoViewStartup( 9365): onEvent GeckoView:SetDefaultPrefs
06-02 16:38:45.584 D/gralloc_ranchu( 1897): gralloc_unregister_buffer: exiting HostConnection (is buffer-handling thread)
06-02 16:38:45.585 D/ ( 1897): HostConnection::get() New Host Connection established 0xed7c3080, tid 1897
06-02 16:38:45.585 D/gralloc_ranchu( 1897): gralloc_unregister_buffer: exiting HostConnection (is buffer-handling thread)
06-02 16:38:45.585 D/ ( 1897): HostConnection::get() New Host Connection established 0xed7c3080, tid 1897
06-02 16:38:45.586 D/gralloc_ranchu( 1897): gralloc_unregister_buffer: exiting HostConnection (is buffer-handling thread)
06-02 16:38:45.586 D/ ( 1897): HostConnection::get() New Host Connection established 0xed7c3080, tid 1897
06-02 16:38:45.586 D/gralloc_ranchu( 1897): gralloc_unregister_buffer: exiting HostConnection (is buffer-handling thread)
06-02 16:38:45.588 D/GeckoViewStartup( 9365): onEvent GeckoView:SetDefaultPrefs
06-02 16:38:45.594 D/ ( 1897): HostConnection::get() New Host Connection established 0xed7c3080, tid 1897
06-02 16:38:45.595 D/GeckoViewStartup( 9365): onEvent GeckoView:SetDefaultPrefs
06-02 16:38:45.595 D/GeckoViewStartup( 9365): onEvent GeckoView:SetDefaultPrefs
06-02 16:38:45.602 D/GeckoViewConsole( 9365): onEvent GeckoView:RegisterWebExtension {"allowContentMessaging":true,"id":"webcompat@mozilla.com","locationUri":"resource://android/assets/extensions/webcompat/"}
06-02 16:38:45.607 D/GeckoViewConsole( 9365): onEvent GeckoView:WebExtension:List null
06-02 16:38:45.609 D/GeckoViewConsole( 9365): onEvent GeckoView:RegisterWebExtension {"allowContentMessaging":true,"id":"mozacBrowserIcons","locationUri":"resource://android/assets/extensions/browser-icons/"}
06-02 16:38:45.610 D/GeckoViewConsole( 9365): onEvent GeckoView:RegisterWebExtension {"allowContentMessaging":true,"id":"mozacBrowserAds","locationUri":"resource://android/assets/extensions/ads/"}
06-02 16:38:45.611 D/GeckoViewConsole( 9365): onEvent GeckoView:RegisterWebExtension {"allowContentMessaging":true,"id":"BrowserCookiesExtension","locationUri":"resource://android/assets/extensions/cookies/"}
06-02 16:38:45.638 E/adbd ( 4408): failed to connect to socket 'tcp:2829': Connection refused
06-02 16:38:45.730 I/ActivityManager( 1869): Fully drawn org.mozilla.fenix.debug/.App: +2s360ms
06-02 16:38:45.736 I/Gecko ( 9365): 1591130325735 Marionette INFO Listening on port 2829
06-02 16:38:45.738 I/DefaultSupportedAddonsChecker( 9365): Register check for new supported add-ons
06-02 16:38:45.798 I/SupportedAddonsWorker( 9365): Trying to check for new supported add-ons
06-02 16:38:45.922 D/App ( 9365): Installed browser-icons extension
06-02 16:38:45.933 D/ ( 9365): HostConnection::get() New Host Connection established 0xce299840, tid 9393
06-02 16:38:45.934 E/EGL_emulation( 9365): tid 9393: eglBindAPI(1259): error 0x300c (EGL_BAD_PARAMETER)
06-02 16:38:45.936 D/EGL_emulation( 9365): eglCreateContext: 0xae005040: maj 3 min 0 rcv 3
06-02 16:38:45.938 D/EGL_emulation( 9365): eglMakeCurrent: 0xae005040: ver 3 0 (tinfo 0xe9131ba0)
06-02 16:38:45.976 E/GeckoConsole( 9365): [JavaScript Error: "NetworkError when attempting to fetch resource."]
06-02 16:38:45.976 E/GeckoConsole( 9365): get@resource://services-settings/RemoteSettingsClient.jsm:350:12
06-02 16:38:46.028 D/glean/ConceptFetchHttpUploader( 9365): Ping successfully sent (200)
06-02 16:38:46.028 D/glean/PingUploadWorker( 9365): f2c83a47-027f-4c73-8ff2-9bc7dc060222 was deleted: true
06-02 16:38:46.031 I/WM-WorkerWrapper( 9365): Worker result SUCCESS for Work [ id=07b3427a-abbb-48f8-b3a5-aa6f1e13a994, tags={ mozilla.telemetry.glean.scheduler.PingUploadWorker, mozac_service_glean_ping_upload_worker } ]
06-02 16:38:46.112 D/BrowserIcons( 9365): Loaded icon (source = DOWNLOAD): https://www.youtube.com/
06-02 16:38:46.163 D/BrowserIcons( 9365): Loaded icon (source = DOWNLOAD): https://www.wikipedia.org/
06-02 16:38:46.216 W/GeckoConsole( 9365): [JavaScript Warning: "Security wrapper denied access to property "ONE_QUARTER" on privileged Javascript object. Support for exposing privileged objects to untrusted content via __exposedProps__ has been removed - use WebIDL bindings or Components.utils.cloneInto instead. Note that only the first denied property access from a given global object will be reported." {file: "moz-extension://d5e9c9f4-8e39-47cd-b0bd-15e32f8acf11/data/picture_in_picture_overrides.js" line: 26}]
06-02 16:38:46.227 W/SurfaceFlinger( 1728): couldn't log to binary event log: overflow.
06-02 16:38:46.234 D/mozac-webcompat( 9365): Installed WebCompat webextension: webcompat@mozilla.com
06-02 16:38:46.282 E/GeckoConsole( 9365): [JavaScript Error: "can't access property "startupData", state is undefined" {file: "resource://gre/modules/addons/XPIProvider.jsm" line: 3079}]
06-02 16:38:46.282 E/GeckoConsole( 9365): setStartupData@resource://gre/modules/addons/XPIProvider.jsm:3079:5
06-02 16:38:46.282 E/GeckoConsole( 9365): saveStartupData@resource://gre/modules/Extension.jsm:2035:17
06-02 16:38:46.282 E/GeckoConsole( 9365): _writePersistentListeners@resource://gre/modules/ExtensionCommon.jsm:2271:15
06-02 16:38:46.282 E/GeckoConsole( 9365): savePersistentListener@resource://gre/modules/ExtensionCommon.jsm:2362:18
06-02 16:38:46.282 E/GeckoConsole( 9365): addListener@resource://gre/modules/ExtensionCommon.jsm:2495:20
06-02 16:38:46.282 E/GeckoConsole( 9365): addListener@resource://gre/modules/ExtensionCommon.jsm:2550:38
06-02 16:38:46.282 E/GeckoConsole( 9365): recvAddListener@resource://gre/modules/ExtensionParent.jsm:1079:13
06-02 16:38:46.294 I/chatty ( 9365): uid=10099(org.mozilla.fenix.debug) Gecko identical 24 lines
06-02 16:38:46.336 E/GeckoConsole( 9365): [JavaScript Error: "can't access property "startupData", state is undefined" {file: "resource://gre/modules/addons/XPIProvider.jsm" line: 3079}]
06-02 16:38:46.336 E/GeckoConsole( 9365): setStartupData@resource://gre/modules/addons/XPIProvider.jsm:3079:5
06-02 16:38:46.336 E/GeckoConsole( 9365): saveStartupData@resource://gre/modules/Extension.jsm:2035:17
06-02 16:38:46.336 E/GeckoConsole( 9365): _writePersistentListeners@resource://gre/modules/ExtensionCommon.jsm:2271:15
06-02 16:38:46.336 E/GeckoConsole( 9365): savePersistentListener@resource://gre/modules/ExtensionCommon.jsm:2362:18
06-02 16:38:46.336 E/GeckoConsole( 9365): addListener@resource://gre/modules/ExtensionCommon.jsm:2495:20
06-02 16:38:46.336 E/GeckoConsole( 9365): addListener@resource://gre/modules/ExtensionCommon.jsm:2550:38
06-02 16:38:46.336 E/GeckoConsole( 9365): recvAddListener@resource://gre/modules/ExtensionParent.jsm:1079:13
06-02 16:38:46.342 I/PBSessionCacheImpl( 2402): Deleted sessionId[359508686912] from persistence.
06-02 16:38:46.345 W/SearchService( 2402): Abort, client detached.
06-02 16:38:46.471 D/WificondControl( 1869): Scan result ready event
06-02 16:38:46.796 I/WM-WorkerWrapper( 9365): Worker result SUCCESS for Work [ id=2fa60760-cfd5-4e94-b83f-a9793a0ebc54, tags={ mozilla.components.feature.addons.migration.DefaultSupportedAddonsChecker.periodicWork, mozilla.components.feature.addons.migration.SupportedAddonsWorker } ]
06-02 16:38:48.279 I/EventLogSendingHelper( 2402): Sending log events.
06-02 16:38:50.279 W/ctxmgr ( 2473): [AclManager]No 2 for (accnt=account#-517948760#, com.google.android.gms(10008):IndoorOutdoorProducer, vrsn=13280000, 0, 3pPkg = null , 3pMdlId = null , pid = 2473). Was: 3 for 57, account#-517948760#
06-02 16:38:50.338 I/FenixApplication( 9365): Kicking-off account manager...
06-02 16:38:50.338 I/FenixApplication( 9365): Running post-visual completeness tasks...
06-02 16:38:50.338 I/FenixApplication( 9365): Storage initialization...
06-02 16:38:50.341 I/PlacesHistoryStorage( 9365): Warming up places storage...
06-02 16:38:50.344 D/RustNativeSupport( 9365): findMegazordLibraryName(places, 0.59.0
06-02 16:38:50.344 D/RustNativeSupport( 9365): lib in use: none
06-02 16:38:50.344 D/RustNativeSupport( 9365): lib configured: megazord
06-02 16:38:50.344 D/RustNativeSupport( 9365): lib version configured: 0.59.0
06-02 16:38:50.344 D/RustNativeSupport( 9365): settled on megazord
06-02 16:38:50.344 I/FirefoxAccountStateMachine( 9365): Enabling/updating sync with a new SyncConfig: SyncConfig(supportedEngines=[mozilla.components.service.fxa.SyncEngine$History@49c28e, mozilla.components.service.fxa.SyncEngine$Bookmarks@834aaf, mozilla.components.service.fxa.SyncEngine$Passwords@b024ebc], syncPeriodInMinutes=240)
06-02 16:38:50.346 I/BgSyncManager( 9365): Periodic syncing enabled at a 240 interval
06-02 16:38:50.346 D/places_ffi( 9365): places_api_new
06-02 16:38:50.346 I/FirefoxAccountStateMachine( 9365): Sync is enabled
06-02 16:38:50.348 I/FenixApplication( 9365): 'Kicking-off account manager' took 10 ms
06-02 16:38:50.349 I/FirefoxAccountStateMachine( 9365): Processing event Init for state Start. Next state is Start
06-02 16:38:50.363 I/keystore( 1734): del USRPKEY_org.mozilla.fenix.debug 10099
06-02 16:38:50.364 I/keystore( 1734): del USRCERT_org.mozilla.fenix.debug 10099
06-02 16:38:50.364 I/keystore( 1734): del CACERT_org.mozilla.fenix.debug 10099
06-02 16:38:50.367 D/places::db::schema( 9365): Creating schema
06-02 16:38:50.382 I/FirefoxAccountStateMachine( 9365): Ran 'Init' side-effects for state Start, got successive event AccountNotFound
06-02 16:38:50.382 I/FirefoxAccountStateMachine( 9365): Processing event AccountNotFound for state Start. Next state is NotAuthenticated
06-02 16:38:50.387 D/RustNativeSupport( 9365): findMegazordLibraryName(fxaclient, 0.59.0
06-02 16:38:50.387 D/RustNativeSupport( 9365): lib in use: none
06-02 16:38:50.387 D/RustNativeSupport( 9365): lib configured: megazord
06-02 16:38:50.387 D/RustNativeSupport( 9365): lib version configured: 0.59.0
06-02 16:38:50.387 D/RustNativeSupport( 9365): settled on megazord
06-02 16:38:50.389 D/fxaclient_ffi( 9365): fxa_new
06-02 16:38:50.391 W/FirefoxAccountStateMachine( 9365): Got invalid event Init for state NotAuthenticated.
06-02 16:38:50.415 D/sql_support::conn_ext( 9365): Transaction commited after 48.284882ms
06-02 16:38:50.415 D/places_ffi( 9365): places_connection_new
06-02 16:38:50.421 D/places_ffi( 9365): places_connection_new
06-02 16:38:50.425 I/PlacesHistoryStorage( 9365): 'Warming up places storage' took 84 ms
06-02 16:38:50.427 I/PlacesBookmarksStorage( 9365): Warming up places storage...
06-02 16:38:50.427 D/places_ffi( 9365): places_connection_new
06-02 16:38:50.431 I/PlacesBookmarksStorage( 9365): 'Warming up places storage' took 3 ms
06-02 16:38:50.450 I/keystore( 1734): 1 0
06-02 16:38:50.461 I/SyncableLoginsStorage( 9365): Warming up storage...
06-02 16:38:50.479 D/RustNativeSupport( 9365): findMegazordLibraryName(logins, 0.59.0
06-02 16:38:50.479 D/RustNativeSupport( 9365): lib in use: none
06-02 16:38:50.479 D/RustNativeSupport( 9365): lib configured: megazord
06-02 16:38:50.479 D/RustNativeSupport( 9365): lib version configured: 0.59.0
06-02 16:38:50.479 D/RustNativeSupport( 9365): settled on megazord
06-02 16:38:50.484 D/logins_ffi( 9365): sync15_passwords_state_new
06-02 16:38:50.493 D/logins::schema( 9365): Creating schema
06-02 16:38:50.609 I/SyncableLoginsStorage( 9365): 'Warming up storage' took 147 ms
06-02 16:38:50.609 I/FenixApplication( 9365): 'Storage initialization' took 270 ms
06-02 16:38:51.401 D/EGL_emulation( 2002): eglMakeCurrent: 0xe3385900: ver 3 0 (tinfo 0xe33839b0)
06-02 16:38:53.250 I/EventLogSendingHelper( 2402): Sending log events.
06-02 16:38:53.453 E/memtrack( 1869): Couldn't load memtrack module
06-02 16:38:53.453 W/android.os.Debug( 1869): failed to get memory consumption info: -1
06-02 16:38:55.290 W/ctxmgr ( 2473): [AclManager]No 2 for (accnt=account#-517948760#, com.google.android.gms(10008):IndoorOutdoorProducer, vrsn=13280000, 0, 3pPkg = null , 3pMdlId = null , pid = 2473). Was: 3 for 57, account#-517948760#
06-02 16:38:55.416 E/memtrack( 1869): Couldn't load memtrack module
06-02 16:38:55.417 W/android.os.Debug( 1869): failed to get memory consumption info: -1
06-02 16:38:55.430 E/memtrack( 1869): Couldn't load memtrack module
06-02 16:38:55.430 W/android.os.Debug( 1869): failed to get memory consumption info: -1
06-02 16:39:00.023 D/hwcomposer( 1897): hw_composer sent 60 syncs in 60s
06-02 16:39:00.309 W/ctxmgr ( 2473): [AclManager]No 2 for (accnt=account#-517948760#, com.google.android.gms(10008):IndoorOutdoorProducer, vrsn=13280000, 0, 3pPkg = null , 3pMdlId = null , pid = 2473). Was: 3 for 57, account#-517948760#